{"id":2,"date":"2025-02-17T20:22:21","date_gmt":"2025-02-17T20:22:21","guid":{"rendered":"https:\/\/rsc.org.br\/?page_id=2"},"modified":"2025-12-02T19:29:53","modified_gmt":"2025-12-02T19:29:53","slug":"sample-page","status":"publish","type":"page","link":"https:\/\/rsc.org.br\/sample-page\/","title":{"rendered":"Quem somos"},"content":{"rendered":"\t\t<div data-elementor-type=\"wp-page\" data-elementor-id=\"2\" class=\"elementor elementor-2\" data-elementor-post-type=\"page\">\n\t\t\t\t<div class=\"elementor-element elementor-element-ade2f82 e-flex e-con-boxed e-con e-parent\" data-id=\"ade2f82\" data-element_type=\"container\" data-settings=\"{&quot;background_background&quot;:&quot;slideshow&quot;,&quot;background_slideshow_gallery&quot;:[{&quot;id&quot;:17455,&quot;url&quot;:&quot;https:\\\/\\\/rsc.org.br\\\/wp-content\\\/uploads\\\/2025\\\/11\\\/q-somos.webp&quot;}],&quot;background_slideshow_slide_duration&quot;:5000,&quot;background_slideshow_slide_transition&quot;:&quot;fade&quot;,&quot;background_slideshow_transition_duration&quot;:500}\">\n\t\t\t\t\t<div class=\"e-con-inner\">\n\t\t\t\t\t<\/div>\n\t\t\t\t<\/div>\n\t\t<div class=\"elementor-element elementor-element-1d731fc e-flex e-con-boxed e-con e-parent\" data-id=\"1d731fc\" data-element_type=\"container\">\n\t\t\t\t\t<div class=\"e-con-inner\">\n\t\t\t\t<div class=\"elementor-element elementor-element-db8dfef elementor-widget elementor-widget-heading\" data-id=\"db8dfef\" data-element_type=\"widget\" data-widget_type=\"heading.default\">\n\t\t\t\t<div class=\"elementor-widget-container\">\n\t\t\t\t\t<h2 class=\"elementor-heading-title elementor-size-default\">Quem Somos<\/h2>\t\t\t\t<\/div>\n\t\t\t\t<\/div>\n\t\t\t\t<div class=\"elementor-element elementor-element-b1d4347 elementor-widget elementor-widget-text-editor\" data-id=\"b1d4347\" data-element_type=\"widget\" data-widget_type=\"text-editor.default\">\n\t\t\t\t<div class=\"elementor-widget-container\">\n\t\t\t\t\t\t\t\t\t<p style=\"text-align: left;\">Somos a Rede de Sementes do Cerrado (RSC), uma associa\u00e7\u00e3o civil, sem fins lucrativos, reconhecida como Organiza\u00e7\u00e3o da Sociedade Civil de Interesse P\u00fablico (OSCIP). Nossa miss\u00e3o \u00e9 promover a conserva\u00e7\u00e3o do Cerrado, valorizando sua sociobiodiversidade por meio de a\u00e7\u00f5es inclusivas, sustent\u00e1veis e baseadas na justi\u00e7a socioambiental.<\/p><p style=\"text-align: left;\">Refer\u00eancia nacional na cadeia da restaura\u00e7\u00e3o ecol\u00f3gica com sementes nativas, atuamos <strong>conectando todos os elos dessa cadeia<\/strong> \u2014 desde a forma\u00e7\u00e3o de coletores comunit\u00e1rios at\u00e9 a articula\u00e7\u00e3o pol\u00edtica e t\u00e9cnica, passando pela pesquisa aplicada, capacita\u00e7\u00f5es e implementa\u00e7\u00e3o de projetos de restaura\u00e7\u00e3o em larga escala.<\/p><p style=\"text-align: left;\">Nossa trajet\u00f3ria come\u00e7ou em 2001, com apoio do Fundo Nacional do Meio Ambiente (FNMA) e do Departamento de Engenharia Florestal da Universidade de Bras\u00edlia (UnB), como parte de um esfor\u00e7o para criar redes de sementes em diferentes biomas brasileiros. Em 2004, nos formalizamos como associa\u00e7\u00e3o civil e, em 2005, passamos a ser reconhecidos como OSCIP. Em 2013, obtivemos credenciamento junto ao Minist\u00e9rio da Agricultura, o que nos permitiu produzir e comercializar sementes nativas.<\/p><p style=\"text-align: left;\">Comercializando sementes de base comunit\u00e1ria desde 2017, estruturamos um mercado de sementes, estabelecendo um importante interc\u00e2mbio entre coletores e restauradores. Essa articula\u00e7\u00e3o pol\u00edtica e t\u00e9cnica visa fomentar a restaura\u00e7\u00e3o ecol\u00f3gica, regulamentar a coleta de sementes e promover o com\u00e9rcio justo, contribuindo, assim, para melhorar a qualidade de vida das comunidades do Cerrado e gerar benef\u00edcios sociais, econ\u00f4micos e ambientais significativos.<\/p><p style=\"text-align: left;\">Como parte da atua\u00e7\u00e3o na cadeia da restaura\u00e7\u00e3o ecol\u00f3gica, tamb\u00e9m apoiamos, por meio de projetos, capacita\u00e7\u00e3o e assist\u00eancia t\u00e9cnica, comunidades e grupos de coletores a se inserirem como protagonistas da restaura\u00e7\u00e3o de seus territ\u00f3rios.<\/p><p style=\"text-align: left;\">Estamos presentes em diversas regi\u00f5es do Cerrado, com atua\u00e7\u00e3o destacada na Chapada dos Veadeiros (GO) e expans\u00e3o para Minas Gerais, Bahia, Tocantins, Par\u00e1 e o Distrito Federal. Por meio de projetos, fortalecemos grupos comunit\u00e1rios e constru\u00edmos solu\u00e7\u00f5es inovadoras para manter o Cerrado em p\u00e9 \u2014 com vida, cultura e diversidade.<\/p><p style=\"text-align: left;\"><strong>Acreditamos que n\u00e3o h\u00e1 restaura\u00e7\u00e3o sem sementes, e n\u00e3o h\u00e1 sementes sem gente<\/strong>. Nosso trabalho fortalece saberes tradicionais, gera oportunidades de renda e transforma realidades com base na conserva\u00e7\u00e3o ambiental e na equidade social.<\/p>\t\t\t\t\t\t\t\t<\/div>\n\t\t\t\t<\/div>\n\t\t\t\t\t<\/div>\n\t\t\t\t<\/div>\n\t\t\t\t<\/div>\n\t\t","protected":false},"excerpt":{"rendered":"<p>Quem Somos Somos a Rede de Sementes do Cerrado (RSC), uma associa\u00e7\u00e3o civil, sem fins lucrativos, reconhecida como Organiza\u00e7\u00e3o da Sociedade Civil de Interesse P\u00fablico (OSCIP). Nossa miss\u00e3o \u00e9 promover a conserva\u00e7\u00e3o do Cerrado, valorizando sua sociobiodiversidade por meio de a\u00e7\u00f5es inclusivas, sustent\u00e1veis e baseadas na justi\u00e7a socioambiental. Refer\u00eancia nacional na cadeia da restaura\u00e7\u00e3o ecol\u00f3gica [&hellip;]<\/p>\n","protected":false},"author":2,"featured_media":0,"parent":0,"menu_order":0,"comment_status":"closed","ping_status":"open","template":"","meta":{"footnotes":""},"class_list":["post-2","page","type-page","status-publish","hentry"],"yoast_head":"<!-- This site is optimized with the Yoast SEO plugin v27.3 - https:\/\/yoast.com\/product\/yoast-seo-wordpress\/ -->\n<title>Quem somos - REDE DE SEMENTES DO CERRADO<\/title>\n<meta name=\"robots\" content=\"index, follow, max-snippet:-1, max-image-preview:large, max-video-preview:-1\" \/>\n<link rel=\"canonical\" href=\"https:\/\/rsc.org.br\/sample-page\/\" \/>\n<meta property=\"og:locale\" content=\"pt_BR\" \/>\n<meta property=\"og:type\" content=\"article\" \/>\n<meta property=\"og:title\" content=\"Quem somos - REDE DE SEMENTES DO CERRADO\" \/>\n<meta property=\"og:description\" content=\"Quem Somos Somos a Rede de Sementes do Cerrado (RSC), uma associa\u00e7\u00e3o civil, sem fins lucrativos, reconhecida como Organiza\u00e7\u00e3o da Sociedade Civil de Interesse P\u00fablico (OSCIP). Nossa miss\u00e3o \u00e9 promover a conserva\u00e7\u00e3o do Cerrado, valorizando sua sociobiodiversidade por meio de a\u00e7\u00f5es inclusivas, sustent\u00e1veis e baseadas na justi\u00e7a socioambiental. Refer\u00eancia nacional na cadeia da restaura\u00e7\u00e3o ecol\u00f3gica [&hellip;]\" \/>\n<meta property=\"og:url\" content=\"https:\/\/rsc.org.br\/sample-page\/\" \/>\n<meta property=\"og:site_name\" content=\"REDE DE SEMENTES DO CERRADO\" \/>\n<meta property=\"article:publisher\" content=\"https:\/\/www.facebook.com\/redesementesdocerrado\/?locale=pt_BR\" \/>\n<meta property=\"article:modified_time\" content=\"2025-12-02T19:29:53+00:00\" \/>\n<meta name=\"twitter:card\" content=\"summary_large_image\" \/>\n<meta name=\"twitter:label1\" content=\"Est. tempo de leitura\" \/>\n\t<meta name=\"twitter:data1\" content=\"2 minutos\" \/>\n<script type=\"application\/ld+json\" class=\"yoast-schema-graph\">{\"@context\":\"https:\\\/\\\/schema.org\",\"@graph\":[{\"@type\":\"WebPage\",\"@id\":\"https:\\\/\\\/rsc.org.br\\\/sample-page\\\/\",\"url\":\"https:\\\/\\\/rsc.org.br\\\/sample-page\\\/\",\"name\":\"Quem somos - REDE DE SEMENTES DO CERRADO\",\"isPartOf\":{\"@id\":\"https:\\\/\\\/rsc.org.br\\\/#website\"},\"datePublished\":\"2025-02-17T20:22:21+00:00\",\"dateModified\":\"2025-12-02T19:29:53+00:00\",\"breadcrumb\":{\"@id\":\"https:\\\/\\\/rsc.org.br\\\/sample-page\\\/#breadcrumb\"},\"inLanguage\":\"pt-BR\",\"potentialAction\":[{\"@type\":\"ReadAction\",\"target\":[\"https:\\\/\\\/rsc.org.br\\\/sample-page\\\/\"]}]},{\"@type\":\"BreadcrumbList\",\"@id\":\"https:\\\/\\\/rsc.org.br\\\/sample-page\\\/#breadcrumb\",\"itemListElement\":[{\"@type\":\"ListItem\",\"position\":1,\"name\":\"In\u00edcio\",\"item\":\"https:\\\/\\\/rsc.org.br\\\/\"},{\"@type\":\"ListItem\",\"position\":2,\"name\":\"Quem somos\"}]},{\"@type\":\"WebSite\",\"@id\":\"https:\\\/\\\/rsc.org.br\\\/#website\",\"url\":\"https:\\\/\\\/rsc.org.br\\\/\",\"name\":\"REDE DE SEMENTES DO CERRADO\",\"description\":\"\",\"publisher\":{\"@id\":\"https:\\\/\\\/rsc.org.br\\\/#organization\"},\"potentialAction\":[{\"@type\":\"SearchAction\",\"target\":{\"@type\":\"EntryPoint\",\"urlTemplate\":\"https:\\\/\\\/rsc.org.br\\\/?s={search_term_string}\"},\"query-input\":{\"@type\":\"PropertyValueSpecification\",\"valueRequired\":true,\"valueName\":\"search_term_string\"}}],\"inLanguage\":\"pt-BR\"},{\"@type\":\"Organization\",\"@id\":\"https:\\\/\\\/rsc.org.br\\\/#organization\",\"name\":\"REDE DE SEMENTES DO CERRADO\",\"url\":\"https:\\\/\\\/rsc.org.br\\\/\",\"logo\":{\"@type\":\"ImageObject\",\"inLanguage\":\"pt-BR\",\"@id\":\"https:\\\/\\\/rsc.org.br\\\/#\\\/schema\\\/logo\\\/image\\\/\",\"url\":\"https:\\\/\\\/rsc.org.br\\\/wp-content\\\/uploads\\\/2025\\\/02\\\/RSC-logo-REDE-DE-SEMENTES-DO-CERRADO.png\",\"contentUrl\":\"https:\\\/\\\/rsc.org.br\\\/wp-content\\\/uploads\\\/2025\\\/02\\\/RSC-logo-REDE-DE-SEMENTES-DO-CERRADO.png\",\"width\":475,\"height\":199,\"caption\":\"REDE DE SEMENTES DO CERRADO\"},\"image\":{\"@id\":\"https:\\\/\\\/rsc.org.br\\\/#\\\/schema\\\/logo\\\/image\\\/\"},\"sameAs\":[\"https:\\\/\\\/www.facebook.com\\\/redesementesdocerrado\\\/?locale=pt_BR\"]}]}<\/script>\n<!-- \/ Yoast SEO plugin. -->","yoast_head_json":{"title":"Quem somos - REDE DE SEMENTES DO CERRADO","robots":{"index":"index","follow":"follow","max-snippet":"max-snippet:-1","max-image-preview":"max-image-preview:large","max-video-preview":"max-video-preview:-1"},"canonical":"https:\/\/rsc.org.br\/sample-page\/","og_locale":"pt_BR","og_type":"article","og_title":"Quem somos - REDE DE SEMENTES DO CERRADO","og_description":"Quem Somos Somos a Rede de Sementes do Cerrado (RSC), uma associa\u00e7\u00e3o civil, sem fins lucrativos, reconhecida como Organiza\u00e7\u00e3o da Sociedade Civil de Interesse P\u00fablico (OSCIP). Nossa miss\u00e3o \u00e9 promover a conserva\u00e7\u00e3o do Cerrado, valorizando sua sociobiodiversidade por meio de a\u00e7\u00f5es inclusivas, sustent\u00e1veis e baseadas na justi\u00e7a socioambiental. Refer\u00eancia nacional na cadeia da restaura\u00e7\u00e3o ecol\u00f3gica [&hellip;]","og_url":"https:\/\/rsc.org.br\/sample-page\/","og_site_name":"REDE DE SEMENTES DO CERRADO","article_publisher":"https:\/\/www.facebook.com\/redesementesdocerrado\/?locale=pt_BR","article_modified_time":"2025-12-02T19:29:53+00:00","twitter_card":"summary_large_image","twitter_misc":{"Est. tempo de leitura":"2 minutos"},"schema":{"@context":"https:\/\/schema.org","@graph":[{"@type":"WebPage","@id":"https:\/\/rsc.org.br\/sample-page\/","url":"https:\/\/rsc.org.br\/sample-page\/","name":"Quem somos - REDE DE SEMENTES DO CERRADO","isPartOf":{"@id":"https:\/\/rsc.org.br\/#website"},"datePublished":"2025-02-17T20:22:21+00:00","dateModified":"2025-12-02T19:29:53+00:00","breadcrumb":{"@id":"https:\/\/rsc.org.br\/sample-page\/#breadcrumb"},"inLanguage":"pt-BR","potentialAction":[{"@type":"ReadAction","target":["https:\/\/rsc.org.br\/sample-page\/"]}]},{"@type":"BreadcrumbList","@id":"https:\/\/rsc.org.br\/sample-page\/#breadcrumb","itemListElement":[{"@type":"ListItem","position":1,"name":"In\u00edcio","item":"https:\/\/rsc.org.br\/"},{"@type":"ListItem","position":2,"name":"Quem somos"}]},{"@type":"WebSite","@id":"https:\/\/rsc.org.br\/#website","url":"https:\/\/rsc.org.br\/","name":"REDE DE SEMENTES DO CERRADO","description":"","publisher":{"@id":"https:\/\/rsc.org.br\/#organization"},"potentialAction":[{"@type":"SearchAction","target":{"@type":"EntryPoint","urlTemplate":"https:\/\/rsc.org.br\/?s={search_term_string}"},"query-input":{"@type":"PropertyValueSpecification","valueRequired":true,"valueName":"search_term_string"}}],"inLanguage":"pt-BR"},{"@type":"Organization","@id":"https:\/\/rsc.org.br\/#organization","name":"REDE DE SEMENTES DO CERRADO","url":"https:\/\/rsc.org.br\/","logo":{"@type":"ImageObject","inLanguage":"pt-BR","@id":"https:\/\/rsc.org.br\/#\/schema\/logo\/image\/","url":"https:\/\/rsc.org.br\/wp-content\/uploads\/2025\/02\/RSC-logo-REDE-DE-SEMENTES-DO-CERRADO.png","contentUrl":"https:\/\/rsc.org.br\/wp-content\/uploads\/2025\/02\/RSC-logo-REDE-DE-SEMENTES-DO-CERRADO.png","width":475,"height":199,"caption":"REDE DE SEMENTES DO CERRADO"},"image":{"@id":"https:\/\/rsc.org.br\/#\/schema\/logo\/image\/"},"sameAs":["https:\/\/www.facebook.com\/redesementesdocerrado\/?locale=pt_BR"]}]}},"_links":{"self":[{"href":"https:\/\/rsc.org.br\/wp-json\/wp\/v2\/pages\/2","targetHints":{"allow":["GET"]}}],"collection":[{"href":"https:\/\/rsc.org.br\/wp-json\/wp\/v2\/pages"}],"about":[{"href":"https:\/\/rsc.org.br\/wp-json\/wp\/v2\/types\/page"}],"author":[{"embeddable":true,"href":"https:\/\/rsc.org.br\/wp-json\/wp\/v2\/users\/2"}],"replies":[{"embeddable":true,"href":"https:\/\/rsc.org.br\/wp-json\/wp\/v2\/comments?post=2"}],"version-history":[{"count":85,"href":"https:\/\/rsc.org.br\/wp-json\/wp\/v2\/pages\/2\/revisions"}],"predecessor-version":[{"id":17975,"href":"https:\/\/rsc.org.br\/wp-json\/wp\/v2\/pages\/2\/revisions\/17975"}],"wp:attachment":[{"href":"https:\/\/rsc.org.br\/wp-json\/wp\/v2\/media?parent=2"}],"curies":[{"name":"wp","href":"https:\/\/api.w.org\/{rel}","templated":true}]}}

<div data-elementor-type="wp-page" data-elementor-id="2" class="elementor elementor-2" data-elementor-post-type="page">
				<div class="elementor-element elementor-element-ade2f82 e-flex e-con-boxed e-con e-parent" data-id="ade2f82" data-element_type="container" data-settings="{&quot;background_background&quot;:&quot;slideshow&quot;,&quot;background_slideshow_gallery&quot;:[{&quot;id&quot;:17455,&quot;url&quot;:&quot;https:\/\/rsc.org.br\/wp-content\/uploads\/2025\/11\/q-somos.webp&quot;}],&quot;background_slideshow_slide_duration&quot;:5000,&quot;background_slideshow_slide_transition&quot;:&quot;fade&quot;,&quot;background_slideshow_transition_duration&quot;:500}">
					<div class="e-con-inner">
					</div>
				</div>
		<div class="elementor-element elementor-element-1d731fc e-flex e-con-boxed e-con e-parent" data-id="1d731fc" data-element_type="container">
					<div class="e-con-inner">
				<div class="elementor-element elementor-element-db8dfef elementor-widget elementor-widget-heading" data-id="db8dfef" data-element_type="widget" data-widget_type="heading.default">
				<div class="elementor-widget-container">
					<h2 class="elementor-heading-title elementor-size-default">Quem Somos</h2>				</div>
				</div>
				<div class="elementor-element elementor-element-b1d4347 elementor-widget elementor-widget-text-editor" data-id="b1d4347" data-element_type="widget" data-widget_type="text-editor.default">
				<div class="elementor-widget-container">
									<p style="text-align: left;">Somos a Rede de Sementes do Cerrado (RSC), uma associação civil, sem fins lucrativos, reconhecida como Organização da Sociedade Civil de Interesse Público (OSCIP). Nossa missão é promover a conservação do Cerrado, valorizando sua sociobiodiversidade por meio de ações inclusivas, sustentáveis e baseadas na justiça socioambiental.</p><p style="text-align: left;">Referência nacional na cadeia da restauração ecológica com sementes nativas, atuamos <strong>conectando todos os elos dessa cadeia</strong> — desde a formação de coletores comunitários até a articulação política e técnica, passando pela pesquisa aplicada, capacitações e implementação de projetos de restauração em larga escala.</p><p style="text-align: left;">Nossa trajetória começou em 2001, com apoio do Fundo Nacional do Meio Ambiente (FNMA) e do Departamento de Engenharia Florestal da Universidade de Brasília (UnB), como parte de um esforço para criar redes de sementes em diferentes biomas brasileiros. Em 2004, nos formalizamos como associação civil e, em 2005, passamos a ser reconhecidos como OSCIP. Em 2013, obtivemos credenciamento junto ao Ministério da Agricultura, o que nos permitiu produzir e comercializar sementes nativas.</p><p style="text-align: left;">Comercializando sementes de base comunitária desde 2017, estruturamos um mercado de sementes, estabelecendo um importante intercâmbio entre coletores e restauradores. Essa articulação política e técnica visa fomentar a restauração ecológica, regulamentar a coleta de sementes e promover o comércio justo, contribuindo, assim, para melhorar a qualidade de vida das comunidades do Cerrado e gerar benefícios sociais, econômicos e ambientais significativos.</p><p style="text-align: left;">Como parte da atuação na cadeia da restauração ecológica, também apoiamos, por meio de projetos, capacitação e assistência técnica, comunidades e grupos de coletores a se inserirem como protagonistas da restauração de seus territórios.</p><p style="text-align: left;">Estamos presentes em diversas regiões do Cerrado, com atuação destacada na Chapada dos Veadeiros (GO) e expansão para Minas Gerais, Bahia, Tocantins, Pará e o Distrito Federal. Por meio de projetos, fortalecemos grupos comunitários e construímos soluções inovadoras para manter o Cerrado em pé — com vida, cultura e diversidade.</p><p style="text-align: left;"><strong>Acreditamos que não há restauração sem sementes, e não há sementes sem gente</strong>. Nosso trabalho fortalece saberes tradicionais, gera oportunidades de renda e transforma realidades com base na conservação ambiental e na equidade social.</p>								</div>
				</div>
					</div>
				</div>
				</div>

<p>Quem Somos Somos a Rede de Sementes do Cerrado (RSC), uma associação civil, sem fins lucrativos, reconhecida como Organização da Sociedade Civil de Interesse Público (OSCIP). Nossa missão é promover a conservação do Cerrado, valorizando sua sociobiodiversidade por meio de ações inclusivas, sustentáveis e baseadas na justiça socioambiental. Referência nacional na cadeia da restauração ecológica [&hellip;]</p>

<!-- This site is optimized with the Yoast SEO plugin v27.3 - https://yoast.com/product/yoast-seo-wordpress/ -->
<title>Quem somos - REDE DE SEMENTES DO CERRADO</title>
<meta name="robots" content="index, follow, max-snippet:-1, max-image-preview:large, max-video-preview:-1" />
<link rel="canonical" href="https://rsc.org.br/sample-page/" />
<meta property="og:locale" content="pt_BR" />
<meta property="og:type" content="article" />
<meta property="og:title" content="Quem somos - REDE DE SEMENTES DO CERRADO" />
<meta property="og:description" content="Quem Somos Somos a Rede de Sementes do Cerrado (RSC), uma associação civil, sem fins lucrativos, reconhecida como Organização da Sociedade Civil de Interesse Público (OSCIP). Nossa missão é promover a conservação do Cerrado, valorizando sua sociobiodiversidade por meio de ações inclusivas, sustentáveis e baseadas na justiça socioambiental. Referência nacional na cadeia da restauração ecológica [&hellip;]" />
<meta property="og:url" content="https://rsc.org.br/sample-page/" />
<meta property="og:site_name" content="REDE DE SEMENTES DO CERRADO" />
<meta property="article:publisher" content="https://www.facebook.com/redesementesdocerrado/?locale=pt_BR" />
<meta property="article:modified_time" content="2025-12-02T19:29:53+00:00" />
<meta name="twitter:card" content="summary_large_image" />
<meta name="twitter:label1" content="Est. tempo de leitura" />
	<meta name="twitter:data1" content="2 minutos" />
<script type="application/ld+json" class="yoast-schema-graph">{"@context":"https:\/\/schema.org","@graph":[{"@type":"WebPage","@id":"https:\/\/rsc.org.br\/sample-page\/","url":"https:\/\/rsc.org.br\/sample-page\/","name":"Quem somos - REDE DE SEMENTES DO CERRADO","isPartOf":{"@id":"https:\/\/rsc.org.br\/#website"},"datePublished":"2025-02-17T20:22:21+00:00","dateModified":"2025-12-02T19:29:53+00:00","breadcrumb":{"@id":"https:\/\/rsc.org.br\/sample-page\/#breadcrumb"},"inLanguage":"pt-BR","potentialAction":[{"@type":"ReadAction","target":["https:\/\/rsc.org.br\/sample-page\/"]}]},{"@type":"BreadcrumbList","@id":"https:\/\/rsc.org.br\/sample-page\/#breadcrumb","itemListElement":[{"@type":"ListItem","position":1,"name":"Início","item":"https:\/\/rsc.org.br\/"},{"@type":"ListItem","position":2,"name":"Quem somos"}]},{"@type":"WebSite","@id":"https:\/\/rsc.org.br\/#website","url":"https:\/\/rsc.org.br\/","name":"REDE DE SEMENTES DO CERRADO","description":"","publisher":{"@id":"https:\/\/rsc.org.br\/#organization"},"potentialAction":[{"@type":"SearchAction","target":{"@type":"EntryPoint","urlTemplate":"https:\/\/rsc.org.br\/?s={search_term_string}"},"query-input":{"@type":"PropertyValueSpecification","valueRequired":true,"valueName":"search_term_string"}}],"inLanguage":"pt-BR"},{"@type":"Organization","@id":"https:\/\/rsc.org.br\/#organization","name":"REDE DE SEMENTES DO CERRADO","url":"https:\/\/rsc.org.br\/","logo":{"@type":"ImageObject","inLanguage":"pt-BR","@id":"https:\/\/rsc.org.br\/#\/schema\/logo\/image\/","url":"https:\/\/rsc.org.br\/wp-content\/uploads\/2025\/02\/RSC-logo-REDE-DE-SEMENTES-DO-CERRADO.png","contentUrl":"https:\/\/rsc.org.br\/wp-content\/uploads\/2025\/02\/RSC-logo-REDE-DE-SEMENTES-DO-CERRADO.png","width":475,"height":199,"caption":"REDE DE SEMENTES DO CERRADO"},"image":{"@id":"https:\/\/rsc.org.br\/#\/schema\/logo\/image\/"},"sameAs":["https:\/\/www.facebook.com\/redesementesdocerrado\/?locale=pt_BR"]}]}</script>
<!-- / Yoast SEO plugin. -->

Quem Somos Somos a Rede de Sementes do Cerrado (RSC), uma associação civil, sem fins lucrativos, reconhecida como Organização da Sociedade Civil de Interesse Público (OSCIP). Nossa missão é promover a conservação do Cerrado, valorizando sua sociobiodiversidade por meio de ações inclusivas, sustentáveis e baseadas na justiça socioambiental. Referência nacional na cadeia da restauração ecológica [&hellip;]

Início
