










{"id":33,"date":"2020-08-10T13:00:21","date_gmt":"2020-08-10T13:00:21","guid":{"rendered":"https:\/\/www.idealspaces.org\/?page_id=33"},"modified":"2025-09-15T12:14:43","modified_gmt":"2025-09-15T12:14:43","slug":"working-group-2","status":"publish","type":"page","link":"https:\/\/idealspaces.de\/working-group-2\/","title":{"rendered":"Wer wir sind"},"content":{"rendered":"\n<p><\/p>\n\n\n\n<h1 class=\"wp-block-heading has-text-align-center\">Wer wir sind<\/h1>\n\n\n\n<figure class=\"wp-block-image size-large\"><img loading=\"lazy\" decoding=\"async\" width=\"1824\" height=\"1368\" src=\"https:\/\/idealspaces.de\/wp-content\/uploads\/2025\/04\/1-Sitz-der-Stiftung-Ideal-Spaces-1824x1368.jpg\" alt=\"\" class=\"wp-image-3551\" srcset=\"https:\/\/idealspaces.de\/wp-content\/uploads\/2025\/04\/1-Sitz-der-Stiftung-Ideal-Spaces-1824x1368.jpg 1824w, https:\/\/idealspaces.de\/wp-content\/uploads\/2025\/04\/1-Sitz-der-Stiftung-Ideal-Spaces-1200x900.jpg 1200w, https:\/\/idealspaces.de\/wp-content\/uploads\/2025\/04\/1-Sitz-der-Stiftung-Ideal-Spaces-768x576.jpg 768w, https:\/\/idealspaces.de\/wp-content\/uploads\/2025\/04\/1-Sitz-der-Stiftung-Ideal-Spaces-1536x1152.jpg 1536w, https:\/\/idealspaces.de\/wp-content\/uploads\/2025\/04\/1-Sitz-der-Stiftung-Ideal-Spaces-2048x1536.jpg 2048w, https:\/\/idealspaces.de\/wp-content\/uploads\/2025\/04\/1-Sitz-der-Stiftung-Ideal-Spaces-1568x1176.jpg 1568w\" sizes=\"auto, (max-width: 1824px) 100vw, 1824px\" \/><\/figure>\n\n\n\n<p class=\"has-text-align-left\">Sitz der Stiftung Ideal Spaces<\/p>\n\n\n\n<p><em>Ideal Spaces<\/em> ist eine gemeinn\u00fctzige, international t\u00e4tige Stiftung mit Sitz in Deutschland. Die Arbeit unserer Stiftung hat die Beziehungen zwischen Raum, Ort und Gemeinschaft zum Inhalt. Unser Ziel ist es, zur Gestaltung zeitgen\u00f6ssischer wie zuk\u00fcnftiger Lebensr\u00e4ume f\u00fcr Gemeinschaften beizutragen. Dabei geht es nicht nur um Architektur im engeren Sinne, sondern auch um den sozialen Raum, den Raum des Miteinanders. Im Zentrum unserer Arbeit stehen Fragen zu Raum und Gemeinschaft, wobei besonderes Augenmerk auf die <em>Annahmen<\/em> gelegt wird, die zu den jeweiligen Konzeptionen f\u00fchrten, nicht nur architektonisch. Dabei geht es auch um die kulturellen Verankerungen solcher Konzeptionen und Annahmen, sowie um ihr jeweiliges soziokulturelles Umfeld. Es geht hier auch um Fragen des Menschenbildes, des Selbstverst\u00e4ndnisses, des kulturellen Erbes, des kollektiven Bewu\u00dftseins, der Idee des B\u00fcrgers und der Demokratie; alles Aspekte, die den expliziten wie impliziten Zielen der Gestaltung von architektonischen und sozialen R\u00e4umen zugrunde liegen. Diese Hintergr\u00fcnde werden bei der Behandlung gegenw\u00e4rtiger Fragen zu Raum und Gemeinschaft oft ausgeblendet, sind aber zum Verst\u00e4ndnis der betreffenden R\u00e4ume unerl\u00e4sslich. Im Bild ausgedr\u00fcckt: Wie verl\u00e4uft das Wurzelwerk des Baumes, den wir gerade betrachten?&nbsp;<\/p>\n\n\n\n<p>Die genannten Gesichtspunkte machen in ihrem Zusammenwirken unsere sozialen R\u00e4ume aus, und diese R\u00e4ume manifestieren sich letztendlich in der Architektur des gebauten Raums, in dem wir leben. Bei der Gestaltung dieses Raumes flie\u00dfen besagte Annahmen mit ein. In diesem Sinne ist Architektur auch soziale Imagination und nicht nur das, was wir als Gebautes unmittelbar sehen. Als Ausdruck sozialer R\u00e4ume ist Architektur symbolisch und hat indikativen Charakter. Deshalb hei\u00dft unsere Stiftung <em>Ideal<\/em> Spaces: es geht um R\u00e4ume der Vorstellung (eine Bedeutung des Wortes \u2018Idee\u2019), vor allem der eines sozialen Miteinanders mit ihren jeweiligen Menschenbildern dahinter; und um gebaute R\u00e4ume, die solche Vorstellungen ausdr\u00fccken und damit reale menschliche Bedingtheiten in Gestalt realer Lebenswelten schaffen.&nbsp;<\/p>\n\n\n\n<p>Die Mehrheit moderner Architekturen, welche unsere heutigen Lebenswelten pr\u00e4gen, vernachl\u00e4ssigt einen zentralen Faktor menschlicher Bedingtheit, n\u00e4mlich den, ein Gemeinschaftswesen zu sein. Das mu\u00df ge\u00e4ndert werden. Gemeinschaften brauchen <em>Orte<\/em>, nicht nur R\u00e4ume zur reinen Existenzsicherung, Orte der Identit\u00e4t und Unverwechselbarkeit, der Zugeh\u00f6rigkeit. Die Schaffung solcher Orte k\u00f6nnte den sozialen Zerfall aufhalten. Dazu will unsere Stiftung beitragen.<\/p>\n\n\n\n<p>Zu den genannten Themen f\u00fchrt unsere Stiftung Ausstellungen, Veranstaltungen und eine Serie von Podcasts durch. Ziel ist es, Experten und aktiv Interessierte in einem echten Dialog zusammenzubringen, um im Themenfeld Raum\/Gemeinschaft ein Forum f\u00fcr L\u00f6sungsans\u00e4tze zu schaffen. Wir m\u00f6chten Sie dazu einladen.<\/p>\n\n\n\n<p>Wichtig f\u00fcr unsere T\u00e4tigkeit ist unser humanistischer Ansatz, den Sie auf unserer englischen Webseite im Manifest finden, <a href=\"https:\/\/www.idealspaces.org\/manifesto\/\">https:\/\/www.idealspaces.org\/manifesto\/<\/a>&nbsp;&nbsp;&nbsp;&nbsp;<\/p>\n\n\n\n<p>Brosch\u00fcren \u00fcber unseren Stiftungssitz und unsere T\u00e4tigkeiten finden Sie ebenfalls auf unserer englischen Webseite, <a href=\"https:\/\/www.idealspaces.org\/brochure\/\">https:\/\/www.idealspaces.org\/brochure\/<\/a><\/p>\n\n\n\n<p><\/p>\n","protected":false},"excerpt":{"rendered":"<p>Wer wir sind Sitz der Stiftung Ideal Spaces Ideal Spaces ist eine gemeinn\u00fctzige, international t\u00e4tige Stiftung mit Sitz in Deutschland. Die Arbeit unserer Stiftung hat die Beziehungen zwischen Raum, Ort und Gemeinschaft zum Inhalt. Unser Ziel ist es, zur Gestaltung zeitgen\u00f6ssischer wie zuk\u00fcnftiger Lebensr\u00e4ume f\u00fcr Gemeinschaften beizutragen. Dabei geht es nicht nur um Architektur im [&hellip;]<\/p>\n","protected":false},"author":1,"featured_media":0,"parent":0,"menu_order":0,"comment_status":"closed","ping_status":"closed","template":"","meta":{"_acf_changed":false,"_bbp_topic_count":0,"_bbp_reply_count":0,"_bbp_total_topic_count":0,"_bbp_total_reply_count":0,"_bbp_voice_count":0,"_bbp_anonymous_reply_count":0,"_bbp_topic_count_hidden":0,"_bbp_reply_count_hidden":0,"_bbp_forum_subforum_count":0,"_editorskit_title_hidden":false,"_editorskit_reading_time":2,"_editorskit_is_block_options_detached":false,"_editorskit_block_options_position":"{}","inline_featured_image":false,"footnotes":""},"class_list":["post-33","page","type-page","status-publish","hentry","entry"],"acf":[],"_links":{"self":[{"href":"https:\/\/idealspaces.de\/wp-json\/wp\/v2\/pages\/33","targetHints":{"allow":["GET"]}}],"collection":[{"href":"https:\/\/idealspaces.de\/wp-json\/wp\/v2\/pages"}],"about":[{"href":"https:\/\/idealspaces.de\/wp-json\/wp\/v2\/types\/page"}],"author":[{"embeddable":true,"href":"https:\/\/idealspaces.de\/wp-json\/wp\/v2\/users\/1"}],"replies":[{"embeddable":true,"href":"https:\/\/idealspaces.de\/wp-json\/wp\/v2\/comments?post=33"}],"version-history":[{"count":7,"href":"https:\/\/idealspaces.de\/wp-json\/wp\/v2\/pages\/33\/revisions"}],"predecessor-version":[{"id":3633,"href":"https:\/\/idealspaces.de\/wp-json\/wp\/v2\/pages\/33\/revisions\/3633"}],"wp:attachment":[{"href":"https:\/\/idealspaces.de\/wp-json\/wp\/v2\/media?parent=33"}],"curies":[{"name":"wp","href":"https:\/\/api.w.org\/{rel}","templated":true}]}}

<p></p>



<h1 class="wp-block-heading has-text-align-center">Wer wir sind</h1>



<figure class="wp-block-image size-large"><img loading="lazy" decoding="async" width="1824" height="1368" src="https://idealspaces.de/wp-content/uploads/2025/04/1-Sitz-der-Stiftung-Ideal-Spaces-1824x1368.jpg" alt="" class="wp-image-3551" srcset="https://idealspaces.de/wp-content/uploads/2025/04/1-Sitz-der-Stiftung-Ideal-Spaces-1824x1368.jpg 1824w, https://idealspaces.de/wp-content/uploads/2025/04/1-Sitz-der-Stiftung-Ideal-Spaces-1200x900.jpg 1200w, https://idealspaces.de/wp-content/uploads/2025/04/1-Sitz-der-Stiftung-Ideal-Spaces-768x576.jpg 768w, https://idealspaces.de/wp-content/uploads/2025/04/1-Sitz-der-Stiftung-Ideal-Spaces-1536x1152.jpg 1536w, https://idealspaces.de/wp-content/uploads/2025/04/1-Sitz-der-Stiftung-Ideal-Spaces-2048x1536.jpg 2048w, https://idealspaces.de/wp-content/uploads/2025/04/1-Sitz-der-Stiftung-Ideal-Spaces-1568x1176.jpg 1568w" sizes="auto, (max-width: 1824px) 100vw, 1824px" /></figure>



<p class="has-text-align-left">Sitz der Stiftung Ideal Spaces</p>



<p><em>Ideal Spaces</em> ist eine gemeinnützige, international tätige Stiftung mit Sitz in Deutschland. Die Arbeit unserer Stiftung hat die Beziehungen zwischen Raum, Ort und Gemeinschaft zum Inhalt. Unser Ziel ist es, zur Gestaltung zeitgenössischer wie zukünftiger Lebensräume für Gemeinschaften beizutragen. Dabei geht es nicht nur um Architektur im engeren Sinne, sondern auch um den sozialen Raum, den Raum des Miteinanders. Im Zentrum unserer Arbeit stehen Fragen zu Raum und Gemeinschaft, wobei besonderes Augenmerk auf die <em>Annahmen</em> gelegt wird, die zu den jeweiligen Konzeptionen führten, nicht nur architektonisch. Dabei geht es auch um die kulturellen Verankerungen solcher Konzeptionen und Annahmen, sowie um ihr jeweiliges soziokulturelles Umfeld. Es geht hier auch um Fragen des Menschenbildes, des Selbstverständnisses, des kulturellen Erbes, des kollektiven Bewußtseins, der Idee des Bürgers und der Demokratie; alles Aspekte, die den expliziten wie impliziten Zielen der Gestaltung von architektonischen und sozialen Räumen zugrunde liegen. Diese Hintergründe werden bei der Behandlung gegenwärtiger Fragen zu Raum und Gemeinschaft oft ausgeblendet, sind aber zum Verständnis der betreffenden Räume unerlässlich. Im Bild ausgedrückt: Wie verläuft das Wurzelwerk des Baumes, den wir gerade betrachten?&nbsp;</p>



<p>Die genannten Gesichtspunkte machen in ihrem Zusammenwirken unsere sozialen Räume aus, und diese Räume manifestieren sich letztendlich in der Architektur des gebauten Raums, in dem wir leben. Bei der Gestaltung dieses Raumes fließen besagte Annahmen mit ein. In diesem Sinne ist Architektur auch soziale Imagination und nicht nur das, was wir als Gebautes unmittelbar sehen. Als Ausdruck sozialer Räume ist Architektur symbolisch und hat indikativen Charakter. Deshalb heißt unsere Stiftung <em>Ideal</em> Spaces: es geht um Räume der Vorstellung (eine Bedeutung des Wortes ‘Idee’), vor allem der eines sozialen Miteinanders mit ihren jeweiligen Menschenbildern dahinter; und um gebaute Räume, die solche Vorstellungen ausdrücken und damit reale menschliche Bedingtheiten in Gestalt realer Lebenswelten schaffen.&nbsp;</p>



<p>Die Mehrheit moderner Architekturen, welche unsere heutigen Lebenswelten prägen, vernachlässigt einen zentralen Faktor menschlicher Bedingtheit, nämlich den, ein Gemeinschaftswesen zu sein. Das muß geändert werden. Gemeinschaften brauchen <em>Orte</em>, nicht nur Räume zur reinen Existenzsicherung, Orte der Identität und Unverwechselbarkeit, der Zugehörigkeit. Die Schaffung solcher Orte könnte den sozialen Zerfall aufhalten. Dazu will unsere Stiftung beitragen.</p>



<p>Zu den genannten Themen führt unsere Stiftung Ausstellungen, Veranstaltungen und eine Serie von Podcasts durch. Ziel ist es, Experten und aktiv Interessierte in einem echten Dialog zusammenzubringen, um im Themenfeld Raum/Gemeinschaft ein Forum für Lösungsansätze zu schaffen. Wir möchten Sie dazu einladen.</p>



<p>Wichtig für unsere Tätigkeit ist unser humanistischer Ansatz, den Sie auf unserer englischen Webseite im Manifest finden, <a href="https://www.idealspaces.org/manifesto/">https://www.idealspaces.org/manifesto/</a>&nbsp;&nbsp;&nbsp;&nbsp;</p>



<p>Broschüren über unseren Stiftungssitz und unsere Tätigkeiten finden Sie ebenfalls auf unserer englischen Webseite, <a href="https://www.idealspaces.org/brochure/">https://www.idealspaces.org/brochure/</a></p>



<p></p>

<p>Wer wir sind Sitz der Stiftung Ideal Spaces Ideal Spaces ist eine gemeinnützige, international tätige Stiftung mit Sitz in Deutschland. Die Arbeit unserer Stiftung hat die Beziehungen zwischen Raum, Ort und Gemeinschaft zum Inhalt. Unser Ziel ist es, zur Gestaltung zeitgenössischer wie zukünftiger Lebensräume für Gemeinschaften beizutragen. Dabei geht es nicht nur um Architektur im [&hellip;]</p>
