{"id":126029,"date":"2024-04-22T16:10:45","date_gmt":"2024-04-22T14:10:45","guid":{"rendered":"https:\/\/evolvinglanguage.ch\/?page_id=126029"},"modified":"2025-04-02T10:11:15","modified_gmt":"2025-04-02T08:11:15","slug":"syntax-project","status":"publish","type":"page","link":"https:\/\/evolvinglanguage.ch\/de\/syntax-project\/","title":{"rendered":"Syntax project"},"content":{"rendered":"<!--themify_builder_content-->\n<div id=\"themify_builder_content-126029\" data-postid=\"126029\" class=\"themify_builder_content themify_builder_content-126029 themify_builder tf_clear\">\n                    <div  data-lazy=\"1\" class=\"module_row themify_builder_row tb_di3p286 tb_first tf_w\">\n                        <div class=\"row_inner col_align_top tb_col_count_1 tf_box tf_rel\">\n                        <div  data-lazy=\"1\" class=\"module_column tb-column col-full tb_t0se286 first\">\n                    <!-- module text -->\n<div  class=\"module module-text tb_8csw286   \" data-lazy=\"1\">\n        <div  class=\"tb_text_wrap\">\n        <p><em>Project Coordinator: Klaus Zuberb\u00fchler<\/em><\/p>    <\/div>\n<\/div>\n<!-- \/module text -->        <\/div>\n                        <\/div>\n        <\/div>\n                        <div  data-lazy=\"1\" class=\"module_row themify_builder_row tb_8arx852 tf_w\">\n                        <div class=\"row_inner col_align_top tb_col_count_1 tf_box tf_rel\">\n                        <div  data-lazy=\"1\" class=\"module_column tb-column col-full tb_ksan853 first\">\n                            <div  data-lazy=\"1\" class=\"module_subrow themify_builder_sub_row tf_w col_align_top tb_col_count_2 tb_qtgw776\">\n                <div  data-lazy=\"1\" class=\"module_column sub_column col4-2 tb_t5nc776 first\">\n                    <!-- module box -->\n<div  class=\"module module-box tb_28fg887 \" data-lazy=\"1\">\n    <div class=\"module-box-content ui  tb_default_color\">\n                <div class=\"tb_text_wrap\"><p><span style=\"background-color: var(--tb_pr_bg,#f7f7f7);\"><b>Was war der evolution\u00e4re \u00dcbergang, der es erm\u00f6glichte, kompositionelle F\u00e4higkeiten f\u00fcr die vokale (und gestische) Kommunikation zu verwenden?&nbsp;<\/b><\/span><span style=\"background-color: var(--tb_pr_bg,#f7f7f7);\">Kommunikativer Ausdruck beruht auf grunds\u00e4tzlich zeitlichen Prozessen, bei denen mehrere neuro-computationale Zeitebenen bei der Bildung und Linearisierung der hierarchischen Tiefe miteinander interagieren. Im Projekt Syntax konzentrieren wir uns darauf, wie Bedeutung in syntaktischer Form f\u00fcr die Kommunikation festgelegt wird.<\/span><\/p><p>Dazu muss genau untersucht werden, wie syntaktische Formen beim Menschen und m\u00f6glicherweise auch bei tierischen Rufkombinationen variieren.<\/p><p><span style=\"background-color: var(--tb_pr_bg,#f7f7f7);\">F\u00fcr die Modellierung der biologischen Evolution der syntaktischen Asudrucksf\u00e4higkeit ist eine vollst\u00e4ndige Charakterisierung der Dynamik innerhalb einer Spezies auf der Ebene des Ph\u00e4notyps notwendig.&nbsp;<\/span><span style=\"background-color: var(--tb_pr_bg,#f7f7f7);\">Wir gehen diese Fragen in drei Work Packages an, die sich auf spezifische Aspekte der Syntax konzentrieren: WP Events, Hierarchie und Lokalit\u00e4t.<\/span><\/p><\/div>\n    <\/div>\n<\/div>\n<!-- \/module box -->\n        <\/div>\n                    <div  data-lazy=\"1\" class=\"module_column sub_column col4-2 tb_r1ok776 shadow last\">\n                    <!-- module text -->\n<div  class=\"module module-text tb_lb33316   \" data-lazy=\"1\">\n        <div  class=\"tb_text_wrap\">\n        <h3>Quick links<\/h3>    <\/div>\n<\/div>\n<!-- \/module text --><!-- module buttons -->\n<div  class=\"module module-buttons tb_xbmh275 buttons-horizontal solid  \" data-lazy=\"1\">\n        <div class=\"module-buttons-item tf_in_flx\">\n                        <a href=\"#events\" class=\"ui builder_button tf_in_flx tb_default_color\" >\n                                    <em><svg  class=\"tf_fa tf-ti-arrow-circle-down\" xmlns:xlink=\"http:\/\/www.w3.org\/1999\/xlink\" aria-hidden=\"true\"><use href=\"#tf-ti-arrow-circle-down\" xlink:href=\"#tf-ti-arrow-circle-down\"><\/use><\/svg><\/em>                                        WP Events                                        <\/a>\n                <\/div>\n                    <div class=\"module-buttons-item tf_in_flx\">\n                        <a href=\"#hierarchy\" class=\"ui builder_button tf_in_flx tb_default_color\" >\n                                    <em><svg  class=\"tf_fa tf-ti-arrow-circle-down\" xmlns:xlink=\"http:\/\/www.w3.org\/1999\/xlink\" aria-hidden=\"true\"><use href=\"#tf-ti-arrow-circle-down\" xlink:href=\"#tf-ti-arrow-circle-down\"><\/use><\/svg><\/em>                                        WP Hierarchy                                        <\/a>\n                <\/div>\n                    <div class=\"module-buttons-item tf_in_flx\">\n                        <a href=\"#locality\" class=\"ui builder_button tf_in_flx tb_default_color\" >\n                                    <em><svg  class=\"tf_fa tf-ti-arrow-circle-down\" xmlns:xlink=\"http:\/\/www.w3.org\/1999\/xlink\" aria-hidden=\"true\"><use href=\"#tf-ti-arrow-circle-down\" xlink:href=\"#tf-ti-arrow-circle-down\"><\/use><\/svg><\/em>                                        WP Locality                                        <\/a>\n                <\/div>\n            <\/div>\n<!-- \/module buttons -->\n<!-- module divider -->\n<div  class=\"module tf_mw module-divider tb_0z6k349 solid  divider-custom divider-center\" style=\"border-width: 1px;border-color: #000;margin-top: 20px;max-width: 200px;\" data-lazy=\"1\">\n    <\/div>\n<!-- \/module divider -->\n<!-- module buttons -->\n<div  class=\"module module-buttons tb_wuvp455 buttons-horizontal solid  \" data-lazy=\"1\">\n        <div class=\"module-buttons-item tf_in_flx\">\n                        <a href=\"https:\/\/evolvinglanguage.ch\/de\/forschung-2\/\" class=\"ui builder_button tf_in_flx tb_default_color\" >\n                                    <em><svg  class=\"tf_fa tf-ti-arrow-circle-left\" xmlns:xlink=\"http:\/\/www.w3.org\/1999\/xlink\" aria-hidden=\"true\"><use href=\"#tf-ti-arrow-circle-left\" xlink:href=\"#tf-ti-arrow-circle-left\"><\/use><\/svg><\/em>                                        ZUR\u00dcCK ZUR FORSCHUNGSSEITE                                        <\/a>\n                <\/div>\n            <\/div>\n<!-- \/module buttons -->\n        <\/div>\n                    <\/div>\n                <\/div>\n                        <\/div>\n        <\/div>\n                        <div  data-lazy=\"1\" class=\"module_row themify_builder_row tb_ohl2633 tf_w\">\n                        <div class=\"row_inner col_align_top tb_col_count_1 tf_box tf_rel\">\n                        <div  data-lazy=\"1\" class=\"module_column tb-column col-full tb_ipt0633 first\">\n                    <!-- module fancy heading -->\n<div  class=\"module module-fancy-heading tb_s4ra323 \" data-lazy=\"1\" id=\"events\">\n        <h1 class=\"fancy-heading\">\n    <span class=\"main-head tf_block\">\n                                <\/span>\n\n    \n    <span class=\"sub-head tf_block tf_rel\">\n                    WP Events            <\/span>\n    <\/h1>\n<\/div>\n<!-- \/module fancy heading -->\n<!-- module text -->\n<div  class=\"module module-text tb_xkey187   \" data-lazy=\"1\">\n        <div  class=\"tb_text_wrap\">\n        <p class=\"MsoNormal\">WP Coordinator: Klaus Zuberb\u00fchler<\/p>\n<p>In WP Events gehen wir unserer Hypothese nach, dass der entscheidende evolution\u00e4re \u00dcbergang eher in den expressiven als in den konzeptionellen F\u00e4higkeiten liegt, und konzentrieren uns dabei speziell auf den Unterschied zwischen einfachen (\u201eintransitiven\u201c) Ereignissen mit einem einzigen Teilnehmenden und komplexen (\u201etransitiven\u201c) Ereignissen mit mehr als einem Teilnehmenden.\u00a0<\/p>\n<p><span style=\"font-weight: bold;\">Event Cognition Task<br><\/span><span style=\"color: #941100;\">\u2588<\/span> <span style=\"color: #929000;\">\u2588<\/span> <span style=\"color: #4e8f00;\">\u2588<\/span> <span style=\"color: #009051;\">\u2588<\/span> PIs: Bickel, Daum, Zuberb\u00fchler; <em>Collaborating PIs: Giraud, Stoll, Townsend<\/em><\/p>\n<p><b>Transitivity Task<\/b><br><span style=\"color: #941100;\">\u2588<\/span> <span style=\"color: #929000;\">\u2588<\/span> PIs: Bickel, Mansfield, Stoll; <em>Collaborating PI: Zuberb\u00fchler<\/em><\/p>    <\/div>\n<\/div>\n<!-- \/module text --><!-- module text -->\n<div  class=\"module module-text tb_4wo8630   \" data-lazy=\"1\">\n        <div  class=\"tb_text_wrap\">\n        <p><iframe loading=\"lazy\" width=\"560\" height=\"315\" src=\"https:\/\/www.youtube.com\/embed\/j6vyVy1v20E?si=8R6x2np5CT2PSKMS\" title=\"YouTube video player\" frameborder=\"0\" allow=\"accelerometer; autoplay; clipboard-write; encrypted-media; gyroscope; picture-in-picture; web-share\" referrerpolicy=\"strict-origin-when-cross-origin\" allowfullscreen><\/iframe><\/p>\n    <\/div>\n<\/div>\n<!-- \/module text --><!-- module fancy heading -->\n<div  class=\"module module-fancy-heading tb_wx9h806 \" data-lazy=\"1\" id=\"hierarchy\">\n        <h1 class=\"fancy-heading\">\n    <span class=\"main-head tf_block\">\n                                <\/span>\n\n    \n    <span class=\"sub-head tf_block tf_rel\">\n                    WP Hierarchy            <\/span>\n    <\/h1>\n<\/div>\n<!-- \/module fancy heading -->\n<!-- module text -->\n<div  class=\"module module-text tb_73pz734   \" data-lazy=\"1\">\n        <div  class=\"tb_text_wrap\">\n        <p class=\"MsoNormal\">WP Coordinator: Balthasar Bickel<\/p>\n<p>WP Hierarchy geht aus einer neurowissenschaftlichen Perspektive der Frage nach, wie hierarchische Strukturen in der Sprache verwendet werden und wie sich diese Eigenschaft in der Homininenabfolge entwickelt hat.<\/p>\n<p><strong>Hierarchy Computation Task<\/strong><br><span style=\"color: #941100;\">\u2588<\/span> <span style=\"color: #945200;\">\u2588<\/span> <span style=\"color: #4e8f00;\">\u2588<\/span> PIs: Henderson, Garner; <em>Collaborating PIs: Giraud, Bickel, Sennrich, Kazanina; Senior Researcher: Olasagasti<\/em><\/p>\n<p><strong>Hierarchy Implementation Task<\/strong><br><span style=\"color: #941100;\">\u2588<\/span> <span style=\"color: #4e8f00;\">\u2588<\/span> PIs: Meyer, Giraud, Bickel Kazanina; <em>Collaborating PIs: Hervais-Adelman; Senior Researcher: Olasagasti<\/em><\/p>\n<p><strong>Hominin Planning Task<\/strong><br><span style=\"color: #929000;\">\u2588<\/span> <span style=\"color: #4e8f00;\">\u2588<\/span> PIs: Migliano, Meyer, NN Paleoanthropology; <em>Collaborating PIs: NN FunGenetics, NN PopGenetics<\/em><\/p>    <\/div>\n<\/div>\n<!-- \/module text --><!-- module fancy heading -->\n<div  class=\"module module-fancy-heading tb_nb6a748 \" data-lazy=\"1\" id=\"locality\">\n        <h1 class=\"fancy-heading\">\n    <span class=\"main-head tf_block\">\n                                <\/span>\n\n    \n    <span class=\"sub-head tf_block tf_rel\">\n                    WP Locality            <\/span>\n    <\/h1>\n<\/div>\n<!-- \/module fancy heading -->\n<!-- module text -->\n<div  class=\"module module-text tb_xll2804   \" data-lazy=\"1\">\n        <div  class=\"tb_text_wrap\">\n        <p class=\"MsoNormal\">WP Coordinator: Simon Townsend<\/p>\n<p>Wenn hierarchische Bedeutungsabh\u00e4ngigkeiten linearisiert werden, erfordert dies oft die Trennung von Bedeutungseinheiten (z. B. trennt das Adjektiv \u201einteressant\u201c das Objekt \u201eBuch\u201c von seinem Verb in \u201einteressante B\u00fccher lesen\u201c). Das WP Locality untersucht die Mechanismen, die das Gleichgewicht zwischen lokalen und nicht-lokalen Abh\u00e4ngigkeiten in der sprachlichen Evolution vorantreiben und es bewertet, inwieweit Vorl\u00e4ufer von nicht-lokalen Abh\u00e4ngigkeiten in Rufkombinationen von Primaten vorzufinden sind.<\/p>\n<p><strong>Locality Dynamics Task<\/strong><br><span style=\"color: #941100;\">\u2588<\/span> <span style=\"color: #945200;\">\u2588<\/span> PIs: Bickel, Stoll, Sennrich; <em>Collaborating PIs: Mansfield, Stadler, Furrer<\/em><\/p>\n<p><strong>Locality Processing Task<\/strong><br><span style=\"color: #941100;\">\u2588<\/span> <span style=\"color: #4e8f00;\">\u2588<\/span> PIs: Golestani, Meyer; <em>Collaborating PIs: Bickel, Giroud, Kazanina<\/em><\/p>\n<p><strong>Call Locality Task<\/strong><br><span style=\"color: #941100;\">\u2588<\/span> <span style=\"color: #929000;\">\u2588<\/span><span style=\"color: #4e8f00;\"> \u2588<\/span> PIs: Burkart, Townsend; <em>Collaborating PIs: Bickel, Zuberb\u00fchler, Kazanina<\/em><\/p>    <\/div>\n<\/div>\n<!-- \/module text -->        <\/div>\n                        <\/div>\n        <\/div>\n        <\/div>\n<!--\/themify_builder_content--><script type=\"text\/javascript\">\n\t\t\t\t\tif( document.getElementById( \"builder-styles-css\" ) ) document.getElementById( \"builder-styles-css\" ).insertAdjacentHTML( \"beforebegin\", \"<link id='builder-styles' rel='stylesheet' href='https:\/\/evolvinglanguage.ch\/wp-content\/themes\/themify-ultra\/themify\/themify-builder\/css\/themify-builder-style.css?ver=8.2.8' type='text\/css' \/>\" );\n\t\t\t\t\t<\/script>","protected":false},"excerpt":{"rendered":"<p>Project Coordinator: Klaus Zuberb\u00fchler Was war der evolution\u00e4re \u00dcbergang, der es erm\u00f6glichte, kompositionelle F\u00e4higkeiten f\u00fcr die vokale (und gestische) Kommunikation zu verwenden?&nbsp;Kommunikativer Ausdruck beruht auf grunds\u00e4tzlich zeitlichen Prozessen, bei denen [&hellip;]<\/p>\n","protected":false},"author":11,"featured_media":0,"parent":0,"menu_order":0,"comment_status":"closed","ping_status":"closed","template":"","meta":{"_acf_changed":false,"_monsterinsights_skip_tracking":false,"_monsterinsights_sitenote_active":false,"_monsterinsights_sitenote_note":"","_monsterinsights_sitenote_category":0,"footnotes":"","_links_to":"","_links_to_target":""},"class_list":["post-126029","page","type-page","status-publish","hentry","has-post-title","has-post-date","has-post-category","has-post-tag","has-post-comment","has-post-author",""],"acf":[],"lang":"de","translations":{"de":126029,"fr":126027,"en":122345},"pll_sync_post":[],"_links":{"self":[{"href":"https:\/\/evolvinglanguage.ch\/wp-json\/wp\/v2\/pages\/126029","targetHints":{"allow":["GET"]}}],"collection":[{"href":"https:\/\/evolvinglanguage.ch\/wp-json\/wp\/v2\/pages"}],"about":[{"href":"https:\/\/evolvinglanguage.ch\/wp-json\/wp\/v2\/types\/page"}],"author":[{"embeddable":true,"href":"https:\/\/evolvinglanguage.ch\/wp-json\/wp\/v2\/users\/11"}],"replies":[{"embeddable":true,"href":"https:\/\/evolvinglanguage.ch\/wp-json\/wp\/v2\/comments?post=126029"}],"version-history":[{"count":23,"href":"https:\/\/evolvinglanguage.ch\/wp-json\/wp\/v2\/pages\/126029\/revisions"}],"predecessor-version":[{"id":133629,"href":"https:\/\/evolvinglanguage.ch\/wp-json\/wp\/v2\/pages\/126029\/revisions\/133629"}],"wp:attachment":[{"href":"https:\/\/evolvinglanguage.ch\/wp-json\/wp\/v2\/media?parent=126029"}],"curies":[{"name":"wp","href":"https:\/\/api.w.org\/{rel}","templated":true}]}}

<!--themify_builder_content-->
<div id="themify_builder_content-126029" data-postid="126029" class="themify_builder_content themify_builder_content-126029 themify_builder tf_clear">
                    <div  data-lazy="1" class="module_row themify_builder_row tb_di3p286 tb_first tf_w">
                        <div class="row_inner col_align_top tb_col_count_1 tf_box tf_rel">
                        <div  data-lazy="1" class="module_column tb-column col-full tb_t0se286 first">
                    <!-- module text -->
<div  class="module module-text tb_8csw286   " data-lazy="1">
        <div  class="tb_text_wrap">
        <p><em>Project Coordinator: Klaus Zuberbühler</em></p>    </div>
</div>
<!-- /module text -->        </div>
                        </div>
        </div>
                        <div  data-lazy="1" class="module_row themify_builder_row tb_8arx852 tf_w">
                        <div class="row_inner col_align_top tb_col_count_1 tf_box tf_rel">
                        <div  data-lazy="1" class="module_column tb-column col-full tb_ksan853 first">
                            <div  data-lazy="1" class="module_subrow themify_builder_sub_row tf_w col_align_top tb_col_count_2 tb_qtgw776">
                <div  data-lazy="1" class="module_column sub_column col4-2 tb_t5nc776 first">
                    <!-- module box -->
<div  class="module module-box tb_28fg887 " data-lazy="1">
    <div class="module-box-content ui  tb_default_color">
                <div class="tb_text_wrap"><p><span style="background-color: var(--tb_pr_bg,#f7f7f7);"><b>Was war der evolutionäre Übergang, der es ermöglichte, kompositionelle Fähigkeiten für die vokale (und gestische) Kommunikation zu verwenden?&nbsp;</b></span><span style="background-color: var(--tb_pr_bg,#f7f7f7);">Kommunikativer Ausdruck beruht auf grundsätzlich zeitlichen Prozessen, bei denen mehrere neuro-computationale Zeitebenen bei der Bildung und Linearisierung der hierarchischen Tiefe miteinander interagieren. Im Projekt Syntax konzentrieren wir uns darauf, wie Bedeutung in syntaktischer Form für die Kommunikation festgelegt wird.</span></p><p>Dazu muss genau untersucht werden, wie syntaktische Formen beim Menschen und möglicherweise auch bei tierischen Rufkombinationen variieren.</p><p><span style="background-color: var(--tb_pr_bg,#f7f7f7);">Für die Modellierung der biologischen Evolution der syntaktischen Asudrucksfähigkeit ist eine vollständige Charakterisierung der Dynamik innerhalb einer Spezies auf der Ebene des Phänotyps notwendig.&nbsp;</span><span style="background-color: var(--tb_pr_bg,#f7f7f7);">Wir gehen diese Fragen in drei Work Packages an, die sich auf spezifische Aspekte der Syntax konzentrieren: WP Events, Hierarchie und Lokalität.</span></p></div>
    </div>
</div>
<!-- /module box -->
        </div>
                    <div  data-lazy="1" class="module_column sub_column col4-2 tb_r1ok776 shadow last">
                    <!-- module text -->
<div  class="module module-text tb_lb33316   " data-lazy="1">
        <div  class="tb_text_wrap">
        <h3>Quick links</h3>    </div>
</div>
<!-- /module text --><!-- module buttons -->
<div  class="module module-buttons tb_xbmh275 buttons-horizontal solid  " data-lazy="1">
        <div class="module-buttons-item tf_in_flx">
                        <a href="#events" class="ui builder_button tf_in_flx tb_default_color" >
                                    <em><svg  class="tf_fa tf-ti-arrow-circle-down" xmlns:xlink="http://www.w3.org/1999/xlink" aria-hidden="true"><use href="#tf-ti-arrow-circle-down" xlink:href="#tf-ti-arrow-circle-down"></use></svg></em>                                        WP Events                                        </a>
                </div>
                    <div class="module-buttons-item tf_in_flx">
                        <a href="#hierarchy" class="ui builder_button tf_in_flx tb_default_color" >
                                    <em><svg  class="tf_fa tf-ti-arrow-circle-down" xmlns:xlink="http://www.w3.org/1999/xlink" aria-hidden="true"><use href="#tf-ti-arrow-circle-down" xlink:href="#tf-ti-arrow-circle-down"></use></svg></em>                                        WP Hierarchy                                        </a>
                </div>
                    <div class="module-buttons-item tf_in_flx">
                        <a href="#locality" class="ui builder_button tf_in_flx tb_default_color" >
                                    <em><svg  class="tf_fa tf-ti-arrow-circle-down" xmlns:xlink="http://www.w3.org/1999/xlink" aria-hidden="true"><use href="#tf-ti-arrow-circle-down" xlink:href="#tf-ti-arrow-circle-down"></use></svg></em>                                        WP Locality                                        </a>
                </div>
            </div>
<!-- /module buttons -->
<!-- module divider -->
<div  class="module tf_mw module-divider tb_0z6k349 solid  divider-custom divider-center" style="border-width: 1px;border-color: #000;margin-top: 20px;max-width: 200px;" data-lazy="1">
    </div>
<!-- /module divider -->
<!-- module buttons -->
<div  class="module module-buttons tb_wuvp455 buttons-horizontal solid  " data-lazy="1">
        <div class="module-buttons-item tf_in_flx">
                        <a href="https://evolvinglanguage.ch/de/forschung-2/" class="ui builder_button tf_in_flx tb_default_color" >
                                    <em><svg  class="tf_fa tf-ti-arrow-circle-left" xmlns:xlink="http://www.w3.org/1999/xlink" aria-hidden="true"><use href="#tf-ti-arrow-circle-left" xlink:href="#tf-ti-arrow-circle-left"></use></svg></em>                                        ZURÜCK ZUR FORSCHUNGSSEITE                                        </a>
                </div>
            </div>
<!-- /module buttons -->
        </div>
                    </div>
                </div>
                        </div>
        </div>
                        <div  data-lazy="1" class="module_row themify_builder_row tb_ohl2633 tf_w">
                        <div class="row_inner col_align_top tb_col_count_1 tf_box tf_rel">
                        <div  data-lazy="1" class="module_column tb-column col-full tb_ipt0633 first">
                    <!-- module fancy heading -->
<div  class="module module-fancy-heading tb_s4ra323 " data-lazy="1" id="events">
        <h1 class="fancy-heading">
    <span class="main-head tf_block">
                                </span>

    
    <span class="sub-head tf_block tf_rel">
                    WP Events            </span>
    </h1>
</div>
<!-- /module fancy heading -->
<!-- module text -->
<div  class="module module-text tb_xkey187   " data-lazy="1">
        <div  class="tb_text_wrap">
        <p class="MsoNormal">WP Coordinator: Klaus Zuberbühler</p>
<p>In WP Events gehen wir unserer Hypothese nach, dass der entscheidende evolutionäre Übergang eher in den expressiven als in den konzeptionellen Fähigkeiten liegt, und konzentrieren uns dabei speziell auf den Unterschied zwischen einfachen („intransitiven“) Ereignissen mit einem einzigen Teilnehmenden und komplexen („transitiven“) Ereignissen mit mehr als einem Teilnehmenden. </p>
<p><span style="font-weight: bold;">Event Cognition Task<br></span><span style="color: #941100;">█</span> <span style="color: #929000;">█</span> <span style="color: #4e8f00;">█</span> <span style="color: #009051;">█</span> PIs: Bickel, Daum, Zuberbühler; <em>Collaborating PIs: Giraud, Stoll, Townsend</em></p>
<p><b>Transitivity Task</b><br><span style="color: #941100;">█</span> <span style="color: #929000;">█</span> PIs: Bickel, Mansfield, Stoll; <em>Collaborating PI: Zuberbühler</em></p>    </div>
</div>
<!-- /module text --><!-- module text -->
<div  class="module module-text tb_4wo8630   " data-lazy="1">
        <div  class="tb_text_wrap">
        <p><iframe loading="lazy" width="560" height="315" src="https://www.youtube.com/embed/j6vyVy1v20E?si=8R6x2np5CT2PSKMS" title="YouTube video player" frameborder="0" allow="accelerometer; autoplay; clipboard-write; encrypted-media; gyroscope; picture-in-picture; web-share" referrerpolicy="strict-origin-when-cross-origin" allowfullscreen></iframe></p>
    </div>
</div>
<!-- /module text --><!-- module fancy heading -->
<div  class="module module-fancy-heading tb_wx9h806 " data-lazy="1" id="hierarchy">
        <h1 class="fancy-heading">
    <span class="main-head tf_block">
                                </span>

    
    <span class="sub-head tf_block tf_rel">
                    WP Hierarchy            </span>
    </h1>
</div>
<!-- /module fancy heading -->
<!-- module text -->
<div  class="module module-text tb_73pz734   " data-lazy="1">
        <div  class="tb_text_wrap">
        <p class="MsoNormal">WP Coordinator: Balthasar Bickel</p>
<p>WP Hierarchy geht aus einer neurowissenschaftlichen Perspektive der Frage nach, wie hierarchische Strukturen in der Sprache verwendet werden und wie sich diese Eigenschaft in der Homininenabfolge entwickelt hat.</p>
<p><strong>Hierarchy Computation Task</strong><br><span style="color: #941100;">█</span> <span style="color: #945200;">█</span> <span style="color: #4e8f00;">█</span> PIs: Henderson, Garner; <em>Collaborating PIs: Giraud, Bickel, Sennrich, Kazanina; Senior Researcher: Olasagasti</em></p>
<p><strong>Hierarchy Implementation Task</strong><br><span style="color: #941100;">█</span> <span style="color: #4e8f00;">█</span> PIs: Meyer, Giraud, Bickel Kazanina; <em>Collaborating PIs: Hervais-Adelman; Senior Researcher: Olasagasti</em></p>
<p><strong>Hominin Planning Task</strong><br><span style="color: #929000;">█</span> <span style="color: #4e8f00;">█</span> PIs: Migliano, Meyer, NN Paleoanthropology; <em>Collaborating PIs: NN FunGenetics, NN PopGenetics</em></p>    </div>
</div>
<!-- /module text --><!-- module fancy heading -->
<div  class="module module-fancy-heading tb_nb6a748 " data-lazy="1" id="locality">
        <h1 class="fancy-heading">
    <span class="main-head tf_block">
                                </span>

    
    <span class="sub-head tf_block tf_rel">
                    WP Locality            </span>
    </h1>
</div>
<!-- /module fancy heading -->
<!-- module text -->
<div  class="module module-text tb_xll2804   " data-lazy="1">
        <div  class="tb_text_wrap">
        <p class="MsoNormal">WP Coordinator: Simon Townsend</p>
<p>Wenn hierarchische Bedeutungsabhängigkeiten linearisiert werden, erfordert dies oft die Trennung von Bedeutungseinheiten (z. B. trennt das Adjektiv „interessant“ das Objekt „Buch“ von seinem Verb in „interessante Bücher lesen“). Das WP Locality untersucht die Mechanismen, die das Gleichgewicht zwischen lokalen und nicht-lokalen Abhängigkeiten in der sprachlichen Evolution vorantreiben und es bewertet, inwieweit Vorläufer von nicht-lokalen Abhängigkeiten in Rufkombinationen von Primaten vorzufinden sind.</p>
<p><strong>Locality Dynamics Task</strong><br><span style="color: #941100;">█</span> <span style="color: #945200;">█</span> PIs: Bickel, Stoll, Sennrich; <em>Collaborating PIs: Mansfield, Stadler, Furrer</em></p>
<p><strong>Locality Processing Task</strong><br><span style="color: #941100;">█</span> <span style="color: #4e8f00;">█</span> PIs: Golestani, Meyer; <em>Collaborating PIs: Bickel, Giroud, Kazanina</em></p>
<p><strong>Call Locality Task</strong><br><span style="color: #941100;">█</span> <span style="color: #929000;">█</span><span style="color: #4e8f00;"> █</span> PIs: Burkart, Townsend; <em>Collaborating PIs: Bickel, Zuberbühler, Kazanina</em></p>    </div>
</div>
<!-- /module text -->        </div>
                        </div>
        </div>
        </div>
<!--/themify_builder_content--><script type="text/javascript">
					if( document.getElementById( "builder-styles-css" ) ) document.getElementById( "builder-styles-css" ).insertAdjacentHTML( "beforebegin", "<link id='builder-styles' rel='stylesheet' href='https://evolvinglanguage.ch/wp-content/themes/themify-ultra/themify/themify-builder/css/themify-builder-style.css?ver=8.2.8' type='text/css' />" );
					</script>

<p>Project Coordinator: Klaus Zuberbühler Was war der evolutionäre Übergang, der es ermöglichte, kompositionelle Fähigkeiten für die vokale (und gestische) Kommunikation zu verwenden?&nbsp;Kommunikativer Ausdruck beruht auf grundsätzlich zeitlichen Prozessen, bei denen [&hellip;]</p>
