{"id":2,"date":"2019-03-12T20:22:08","date_gmt":"2019-03-12T23:22:08","guid":{"rendered":"http:\/\/www.envase.org\/nueva2019\/?page_id=2"},"modified":"2026-04-01T22:29:32","modified_gmt":"2026-04-02T01:29:32","slug":"inicio-2","status":"publish","type":"page","link":"https:\/\/envase.org\/","title":{"rendered":"INICIO"},"content":{"rendered":"<\/div><\/div><\/div><!-- close content main div --><\/div><\/div><div id='av_section_1' class='avia-section main_color avia-section-no-padding avia-no-shadow avia-bg-style-scroll   container_wrap fullsize' style = 'background-color: #ffffff; background-image: '  ><div class='container' ><div class='template-page content  av-content-full alpha units'><div class='post-entry post-entry-type-page post-entry-2'><div class='entry-content-wrapper clearfix'>\n<section class=\"avia_codeblock_section  avia_code_block_0\"  itemscope=\"itemscope\" itemtype=\"https:\/\/schema.org\/CreativeWork\" ><div class='avia_codeblock '  itemprop=\"text\" > [avia_codeblock_placeholder uid=\"0\"] <\/div><\/section>\n<section class=\"av_textblock_section \"  itemscope=\"itemscope\" itemtype=\"https:\/\/schema.org\/CreativeWork\" ><div class='avia_textblock  av_inherit_color '  style='font-size:18px; color:#ffffff; '  itemprop=\"text\" ><p style=\"text-align: center;\"><span style=\"font-size: 18pt;\"><strong><span style=\"color: #2b4177;\">Envases y embalajes | Procesos y tecnolog\u00edas | Insumos, servicios y accesorios | M\u00e1quinas, equipamientos y todo lo que la industria necesita<\/span><\/strong><\/span><\/p>\n<\/div><\/section>\n\n<\/div><\/div><\/div><!-- close content main div --><\/div><\/div><div id='av-layout-grid-1' class='av-layout-grid-container entry-content-wrapper main_color av-flex-cells    container_wrap fullsize'   >\n<div class=\"flex_cell no_margin av_one_half   \" style='background: #433f7c; vertical-align:top; padding:30px; background-color:#433f7c; '><div class='flex_cell_inner' ><p><div style='padding-bottom:20px; color:#ffffff;' class='av-special-heading av-special-heading-h2 custom-color-heading blockquote modern-quote   '><h2 class='av-special-heading-tag '  itemprop=\"headline\"  >EXPOSITORES<\/h2><div class='special-heading-border'><div class='special-heading-inner-border' style='border-color:#ffffff'><\/div><\/div><\/div><br \/>\n<section class=\"av_textblock_section \"  itemscope=\"itemscope\" itemtype=\"https:\/\/schema.org\/CreativeWork\" ><div class='avia_textblock  av_inherit_color '  style='color:#ffffff; '  itemprop=\"text\" ><p>Cada edici\u00f3n de Envase-ETIF alberga m\u00e1s de 300 empresas locales y extranjeras, distribuidas en los pabellones del ahora predio Buenos Aires Ferial.<\/p>\n<p>Envase constituye el nexo entre las empresas de toda la cadena productiva de la industria del packaging, sus clientes y potenciales clientes.<\/p>\n<p>ETIF en esta edici\u00f3n en el pabell\u00f3n 1, es el evento que convoca a toda la industria farmac\u00e9utica, veterinaria, cosm\u00e9tica y biotecnol\u00f3gica y sus tecnolog\u00edas, sumando as\u00ed un rubro fundamental.<\/p>\n<\/div><\/section><\/p>\n<\/div><\/div><div class=\"flex_cell no_margin av_one_half   \" style='background: #38b6ff; vertical-align:top; padding:30px; background-color:#38b6ff; '><div class='flex_cell_inner' ><p><div style='padding-bottom:20px; color:#ffffff;' class='av-special-heading av-special-heading-h2 custom-color-heading blockquote modern-quote   '><h2 class='av-special-heading-tag '  itemprop=\"headline\"  >VISITANTES<\/h2><div class='special-heading-border'><div class='special-heading-inner-border' style='border-color:#ffffff'><\/div><\/div><\/div><br \/>\n<section class=\"av_textblock_section \"  itemscope=\"itemscope\" itemtype=\"https:\/\/schema.org\/CreativeWork\" ><div class='avia_textblock  av_inherit_color '  style='color:#ffffff; '  itemprop=\"text\" ><p>Envase, packaging y procesos + ETIF, ciencia y tecnolog\u00eda, re\u00fanen en cada edici\u00f3n un gran n\u00famero de asistentes, profesionales de numerosos rubros e industrias buscando soluciones para la industria.<\/p>\n<p>Usuarios finales de envases, tecnolog\u00edas, servicios e insumos que encuentran, bajo los pabellones de la exposici\u00f3n, una oferta completa y variada.<\/p>\n<p>Soluciones e innovaci\u00f3n durante 4 d\u00edas en un solo lugar.<\/p>\n<\/div><\/section><\/p>\n<\/div><\/div><\/div><div style='padding-bottom:10px; ' class='av-special-heading av-special-heading-h3     '><h3 class='av-special-heading-tag '  itemprop=\"headline\"  >Auspician<\/h3><div class='special-heading-border'><div class='special-heading-inner-border' ><\/div><\/div><\/div><\/p>\n<section class=\"avia_codeblock_section  avia_code_block_1\"  itemscope=\"itemscope\" itemtype=\"https:\/\/schema.org\/CreativeWork\" ><div class='avia_codeblock '  itemprop=\"text\" > [avia_codeblock_placeholder uid=\"1\"] <\/div><\/section>\n","protected":false},"excerpt":{"rendered":"","protected":false},"author":1,"featured_media":0,"parent":0,"menu_order":0,"comment_status":"closed","ping_status":"closed","template":"","meta":{"footnotes":""},"class_list":["post-2","page","type-page","status-publish","hentry"],"_links":{"self":[{"href":"https:\/\/envase.org\/wp-json\/wp\/v2\/pages\/2"}],"collection":[{"href":"https:\/\/envase.org\/wp-json\/wp\/v2\/pages"}],"about":[{"href":"https:\/\/envase.org\/wp-json\/wp\/v2\/types\/page"}],"author":[{"embeddable":true,"href":"https:\/\/envase.org\/wp-json\/wp\/v2\/users\/1"}],"replies":[{"embeddable":true,"href":"https:\/\/envase.org\/wp-json\/wp\/v2\/comments?post=2"}],"version-history":[{"count":409,"href":"https:\/\/envase.org\/wp-json\/wp\/v2\/pages\/2\/revisions"}],"predecessor-version":[{"id":5828,"href":"https:\/\/envase.org\/wp-json\/wp\/v2\/pages\/2\/revisions\/5828"}],"wp:attachment":[{"href":"https:\/\/envase.org\/wp-json\/wp\/v2\/media?parent=2"}],"curies":[{"name":"wp","href":"https:\/\/api.w.org\/{rel}","templated":true}]}}

</div></div></div><!-- close content main div --></div></div><div id='av_section_1' class='avia-section main_color avia-section-no-padding avia-no-shadow avia-bg-style-scroll   container_wrap fullsize' style = 'background-color: #ffffff; background-image: '  ><div class='container' ><div class='template-page content  av-content-full alpha units'><div class='post-entry post-entry-type-page post-entry-2'><div class='entry-content-wrapper clearfix'>
<section class="avia_codeblock_section  avia_code_block_0"  itemscope="itemscope" itemtype="https://schema.org/CreativeWork" ><div class='avia_codeblock '  itemprop="text" > [avia_codeblock_placeholder uid="0"] </div></section>
<section class="av_textblock_section "  itemscope="itemscope" itemtype="https://schema.org/CreativeWork" ><div class='avia_textblock  av_inherit_color '  style='font-size:18px; color:#ffffff; '  itemprop="text" ><p style="text-align: center;"><span style="font-size: 18pt;"><strong><span style="color: #2b4177;">Envases y embalajes | Procesos y tecnologías | Insumos, servicios y accesorios | Máquinas, equipamientos y todo lo que la industria necesita</span></strong></span></p>
</div></section>

</div></div></div><!-- close content main div --></div></div><div id='av-layout-grid-1' class='av-layout-grid-container entry-content-wrapper main_color av-flex-cells    container_wrap fullsize'   >
<div class="flex_cell no_margin av_one_half   " style='background: #433f7c; vertical-align:top; padding:30px; background-color:#433f7c; '><div class='flex_cell_inner' ><p><div style='padding-bottom:20px; color:#ffffff;' class='av-special-heading av-special-heading-h2 custom-color-heading blockquote modern-quote   '><h2 class='av-special-heading-tag '  itemprop="headline"  >EXPOSITORES</h2><div class='special-heading-border'><div class='special-heading-inner-border' style='border-color:#ffffff'></div></div></div><br />
<section class="av_textblock_section "  itemscope="itemscope" itemtype="https://schema.org/CreativeWork" ><div class='avia_textblock  av_inherit_color '  style='color:#ffffff; '  itemprop="text" ><p>Cada edición de Envase-ETIF alberga más de 300 empresas locales y extranjeras, distribuidas en los pabellones del ahora predio Buenos Aires Ferial.</p>
<p>Envase constituye el nexo entre las empresas de toda la cadena productiva de la industria del packaging, sus clientes y potenciales clientes.</p>
<p>ETIF en esta edición en el pabellón 1, es el evento que convoca a toda la industria farmacéutica, veterinaria, cosmética y biotecnológica y sus tecnologías, sumando así un rubro fundamental.</p>
</div></section></p>
</div></div><div class="flex_cell no_margin av_one_half   " style='background: #38b6ff; vertical-align:top; padding:30px; background-color:#38b6ff; '><div class='flex_cell_inner' ><p><div style='padding-bottom:20px; color:#ffffff;' class='av-special-heading av-special-heading-h2 custom-color-heading blockquote modern-quote   '><h2 class='av-special-heading-tag '  itemprop="headline"  >VISITANTES</h2><div class='special-heading-border'><div class='special-heading-inner-border' style='border-color:#ffffff'></div></div></div><br />
<section class="av_textblock_section "  itemscope="itemscope" itemtype="https://schema.org/CreativeWork" ><div class='avia_textblock  av_inherit_color '  style='color:#ffffff; '  itemprop="text" ><p>Envase, packaging y procesos + ETIF, ciencia y tecnología, reúnen en cada edición un gran número de asistentes, profesionales de numerosos rubros e industrias buscando soluciones para la industria.</p>
<p>Usuarios finales de envases, tecnologías, servicios e insumos que encuentran, bajo los pabellones de la exposición, una oferta completa y variada.</p>
<p>Soluciones e innovación durante 4 días en un solo lugar.</p>
</div></section></p>
</div></div></div><div style='padding-bottom:10px; ' class='av-special-heading av-special-heading-h3     '><h3 class='av-special-heading-tag '  itemprop="headline"  >Auspician</h3><div class='special-heading-border'><div class='special-heading-inner-border' ></div></div></div></p>
<section class="avia_codeblock_section  avia_code_block_1"  itemscope="itemscope" itemtype="https://schema.org/CreativeWork" ><div class='avia_codeblock '  itemprop="text" > [avia_codeblock_placeholder uid="1"] </div></section>
