{"id":60,"date":"2017-07-27T06:13:05","date_gmt":"2017-07-27T06:13:05","guid":{"rendered":"https:\/\/dev.elcepilanansa.com\/?page_id=60"},"modified":"2024-03-20T08:26:47","modified_gmt":"2024-03-20T07:26:47","slug":"contacto","status":"publish","type":"page","link":"https:\/\/carambucoediciones.com\/contacto\/","title":{"rendered":"Contacto"},"content":{"rendered":"<div class=\"partners-grid\">\n<div class=\"area-a\">\n<h2>Carambuco Ediciones<\/h2>\n<p>Llibertat 69-71 1er E<br \/>\n08800 Vilanova i La Geltr\u00fa<br \/>\nTel. 93 814 10 88<\/p>\n<h2>Recepci\u00f3n de originales y portafolios<\/h2>\n<p>Si tienes alg\u00fan proyecto editorial o nos quieres enviar tu portafolio, puedes hacerlo enviando un correo electr\u00f3nico a la direcci\u00f3n que encontrar\u00e1s a continuaci\u00f3n adjuntando un resumen del proyecto y un breve curr\u00edculum, junto a las primeras p\u00e1ginas y\/o una muestra de las ilustraciones.<\/p>\n<p>Originales de tem\u00e1tica infantil <strong>originalesinfantil@carambucoediciones.com<br \/>\n<\/strong>Originales de tem\u00e1tica adulta <strong>originalesadulto@carambucoediciones.com<br \/>\n<\/strong><\/p>\n<p>Si consideramos que el proyecto puede encajar en la planificaci\u00f3n de nuestras publicaciones nos pondremos en contacto contigo para pedirte m\u00e1s informaci\u00f3n.<\/p>\n<p>Para cualquier otra consulta, utiliza por favor el formulario que hay a continuaci\u00f3n:<\/p>\n<div class=\"area-a\">\n<div class=\"_form_53\"><\/div>\n<p><script src=\"https:\/\/elcepilanansa.activehosted.com\/f\/embed.php?id=53\" type=\"text\/javascript\" charset=\"utf-8\"><\/script><\/p>\n<\/div>\n<div class=\"area-b\">\n<p><iframe class=\"lazyload\" style=\"border: 0;\" data-src=\"https:\/\/www.google.com\/maps\/embed?pb=!1m18!1m12!1m3!1d3000.8419283617077!2d1.7242686152842885!3d41.22521507927936!2m3!1f0!2f0!3f0!3m2!1i1024!2i768!4f13.1!3m3!1m2!1s0x12a386e31d46c215%3A0x90f01488d4324c4!2sEl%20Cep%20i%20la%20Nansa%20Edicions!5e0!3m2!1ses-419!2ses!4v1622734047684!5m2!1ses-419!2ses\" width=\"560\" height=\"315\" allowfullscreen=\"allowfullscreen\"><\/iframe><\/p>\n<\/div>\n<\/div>\n<\/div>\n","protected":false},"excerpt":{"rendered":"<p>Carambuco Ediciones Llibertat 69-71 1er E 08800 Vilanova i La Geltr\u00fa Tel. 93 814 10 88 Recepci\u00f3n de originales y portafolios Si tienes alg\u00fan proyecto editorial o nos quieres enviar tu portafolio, puedes hacerlo enviando un correo electr\u00f3nico a la direcci\u00f3n que encontrar\u00e1s a continuaci\u00f3n adjuntando un resumen del proyecto y un breve curr\u00edculum, junto [&hellip;]<\/p>\n","protected":false},"author":61,"featured_media":0,"parent":0,"menu_order":0,"comment_status":"closed","ping_status":"closed","template":"template-fullwidth.php","meta":{"footnotes":""},"class_list":["post-60","page","type-page","status-publish","hentry"],"yoast_head":"<!-- This site is optimized with the Yoast SEO plugin v27.1.1 - https:\/\/yoast.com\/product\/yoast-seo-wordpress\/ -->\n<title>Contacto - Carambuco Ediciones<\/title>\n<meta name=\"robots\" content=\"index, follow, max-snippet:-1, max-image-preview:large, max-video-preview:-1\" \/>\n<link rel=\"canonical\" href=\"https:\/\/carambucoediciones.com\/contacto\/\" \/>\n<meta property=\"og:locale\" content=\"es_ES\" \/>\n<meta property=\"og:type\" content=\"article\" \/>\n<meta property=\"og:title\" content=\"Contacto - Carambuco Ediciones\" \/>\n<meta property=\"og:description\" content=\"Carambuco Ediciones Llibertat 69-71 1er E 08800 Vilanova i La Geltr\u00fa Tel. 93 814 10 88 Recepci\u00f3n de originales y portafolios Si tienes alg\u00fan proyecto editorial o nos quieres enviar tu portafolio, puedes hacerlo enviando un correo electr\u00f3nico a la direcci\u00f3n que encontrar\u00e1s a continuaci\u00f3n adjuntando un resumen del proyecto y un breve curr\u00edculum, junto [&hellip;]\" \/>\n<meta property=\"og:url\" content=\"https:\/\/carambucoediciones.com\/contacto\/\" \/>\n<meta property=\"og:site_name\" content=\"Carambuco Ediciones\" \/>\n<meta property=\"article:publisher\" content=\"https:\/\/www.facebook.com\/editorialcarambuco\/\" \/>\n<meta property=\"article:modified_time\" content=\"2024-03-20T07:26:47+00:00\" \/>\n<meta property=\"og:image\" content=\"https:\/\/carambucoediciones.com\/wp-content\/uploads\/2021\/03\/cropped-favicon-carambuco.png\" \/>\n\t<meta property=\"og:image:width\" content=\"512\" \/>\n\t<meta property=\"og:image:height\" content=\"512\" \/>\n\t<meta property=\"og:image:type\" content=\"image\/png\" \/>\n<meta name=\"twitter:card\" content=\"summary_large_image\" \/>\n<meta name=\"twitter:site\" content=\"@carambucolibros\" \/>\n<meta name=\"twitter:label1\" content=\"Tiempo de lectura\" \/>\n\t<meta name=\"twitter:data1\" content=\"1 minuto\" \/>\n<script type=\"application\/ld+json\" class=\"yoast-schema-graph\">{\"@context\":\"https:\/\/schema.org\",\"@graph\":[{\"@type\":\"WebPage\",\"@id\":\"https:\/\/carambucoediciones.com\/contacto\/\",\"url\":\"https:\/\/carambucoediciones.com\/contacto\/\",\"name\":\"Contacto - Carambuco Ediciones\",\"isPartOf\":{\"@id\":\"https:\/\/carambucoediciones.com\/#website\"},\"datePublished\":\"2017-07-27T06:13:05+00:00\",\"dateModified\":\"2024-03-20T07:26:47+00:00\",\"breadcrumb\":{\"@id\":\"https:\/\/carambucoediciones.com\/contacto\/#breadcrumb\"},\"inLanguage\":\"es\",\"potentialAction\":[{\"@type\":\"ReadAction\",\"target\":[\"https:\/\/carambucoediciones.com\/contacto\/\"]}]},{\"@type\":\"BreadcrumbList\",\"@id\":\"https:\/\/carambucoediciones.com\/contacto\/#breadcrumb\",\"itemListElement\":[{\"@type\":\"ListItem\",\"position\":1,\"name\":\"Inici\",\"item\":\"https:\/\/carambucoediciones.com\/\"},{\"@type\":\"ListItem\",\"position\":2,\"name\":\"Contacto\"}]},{\"@type\":\"WebSite\",\"@id\":\"https:\/\/carambucoediciones.com\/#website\",\"url\":\"https:\/\/carambucoediciones.com\/\",\"name\":\"El Cep i La Nansa\",\"description\":\"La web de Carambuco Ediciones\",\"publisher\":{\"@id\":\"https:\/\/carambucoediciones.com\/#organization\"},\"potentialAction\":[{\"@type\":\"SearchAction\",\"target\":{\"@type\":\"EntryPoint\",\"urlTemplate\":\"https:\/\/carambucoediciones.com\/?s={search_term_string}\"},\"query-input\":{\"@type\":\"PropertyValueSpecification\",\"valueRequired\":true,\"valueName\":\"search_term_string\"}}],\"inLanguage\":\"es\"},{\"@type\":\"Organization\",\"@id\":\"https:\/\/carambucoediciones.com\/#organization\",\"name\":\"El Cep i la Nansa\",\"url\":\"https:\/\/carambucoediciones.com\/\",\"logo\":{\"@type\":\"ImageObject\",\"inLanguage\":\"es\",\"@id\":\"https:\/\/carambucoediciones.com\/#\/schema\/logo\/image\/\",\"url\":\"https:\/\/carambucoediciones.com\/wp-content\/uploads\/2017\/11\/unnamed-1.png\",\"contentUrl\":\"https:\/\/carambucoediciones.com\/wp-content\/uploads\/2017\/11\/unnamed-1.png\",\"width\":600,\"height\":262,\"caption\":\"El Cep i la Nansa\"},\"image\":{\"@id\":\"https:\/\/carambucoediciones.com\/#\/schema\/logo\/image\/\"},\"sameAs\":[\"https:\/\/www.facebook.com\/editorialcarambuco\/\",\"https:\/\/x.com\/carambucolibros\",\"https:\/\/www.instagram.com\/carambucoediciones\/\",\"https:\/\/youtube.com\/c\/carambucoediciones\"]}]}<\/script>\n<!-- \/ Yoast SEO plugin. -->","yoast_head_json":{"title":"Contacto - Carambuco Ediciones","robots":{"index":"index","follow":"follow","max-snippet":"max-snippet:-1","max-image-preview":"max-image-preview:large","max-video-preview":"max-video-preview:-1"},"canonical":"https:\/\/carambucoediciones.com\/contacto\/","og_locale":"es_ES","og_type":"article","og_title":"Contacto - Carambuco Ediciones","og_description":"Carambuco Ediciones Llibertat 69-71 1er E 08800 Vilanova i La Geltr\u00fa Tel. 93 814 10 88 Recepci\u00f3n de originales y portafolios Si tienes alg\u00fan proyecto editorial o nos quieres enviar tu portafolio, puedes hacerlo enviando un correo electr\u00f3nico a la direcci\u00f3n que encontrar\u00e1s a continuaci\u00f3n adjuntando un resumen del proyecto y un breve curr\u00edculum, junto [&hellip;]","og_url":"https:\/\/carambucoediciones.com\/contacto\/","og_site_name":"Carambuco Ediciones","article_publisher":"https:\/\/www.facebook.com\/editorialcarambuco\/","article_modified_time":"2024-03-20T07:26:47+00:00","og_image":[{"width":512,"height":512,"url":"https:\/\/carambucoediciones.com\/wp-content\/uploads\/2021\/03\/cropped-favicon-carambuco.png","type":"image\/png"}],"twitter_card":"summary_large_image","twitter_site":"@carambucolibros","twitter_misc":{"Tiempo de lectura":"1 minuto"},"schema":{"@context":"https:\/\/schema.org","@graph":[{"@type":"WebPage","@id":"https:\/\/carambucoediciones.com\/contacto\/","url":"https:\/\/carambucoediciones.com\/contacto\/","name":"Contacto - Carambuco Ediciones","isPartOf":{"@id":"https:\/\/carambucoediciones.com\/#website"},"datePublished":"2017-07-27T06:13:05+00:00","dateModified":"2024-03-20T07:26:47+00:00","breadcrumb":{"@id":"https:\/\/carambucoediciones.com\/contacto\/#breadcrumb"},"inLanguage":"es","potentialAction":[{"@type":"ReadAction","target":["https:\/\/carambucoediciones.com\/contacto\/"]}]},{"@type":"BreadcrumbList","@id":"https:\/\/carambucoediciones.com\/contacto\/#breadcrumb","itemListElement":[{"@type":"ListItem","position":1,"name":"Inici","item":"https:\/\/carambucoediciones.com\/"},{"@type":"ListItem","position":2,"name":"Contacto"}]},{"@type":"WebSite","@id":"https:\/\/carambucoediciones.com\/#website","url":"https:\/\/carambucoediciones.com\/","name":"El Cep i La Nansa","description":"La web de Carambuco Ediciones","publisher":{"@id":"https:\/\/carambucoediciones.com\/#organization"},"potentialAction":[{"@type":"SearchAction","target":{"@type":"EntryPoint","urlTemplate":"https:\/\/carambucoediciones.com\/?s={search_term_string}"},"query-input":{"@type":"PropertyValueSpecification","valueRequired":true,"valueName":"search_term_string"}}],"inLanguage":"es"},{"@type":"Organization","@id":"https:\/\/carambucoediciones.com\/#organization","name":"El Cep i la Nansa","url":"https:\/\/carambucoediciones.com\/","logo":{"@type":"ImageObject","inLanguage":"es","@id":"https:\/\/carambucoediciones.com\/#\/schema\/logo\/image\/","url":"https:\/\/carambucoediciones.com\/wp-content\/uploads\/2017\/11\/unnamed-1.png","contentUrl":"https:\/\/carambucoediciones.com\/wp-content\/uploads\/2017\/11\/unnamed-1.png","width":600,"height":262,"caption":"El Cep i la Nansa"},"image":{"@id":"https:\/\/carambucoediciones.com\/#\/schema\/logo\/image\/"},"sameAs":["https:\/\/www.facebook.com\/editorialcarambuco\/","https:\/\/x.com\/carambucolibros","https:\/\/www.instagram.com\/carambucoediciones\/","https:\/\/youtube.com\/c\/carambucoediciones"]}]}},"_links":{"self":[{"href":"https:\/\/carambucoediciones.com\/wp-json\/wp\/v2\/pages\/60","targetHints":{"allow":["GET"]}}],"collection":[{"href":"https:\/\/carambucoediciones.com\/wp-json\/wp\/v2\/pages"}],"about":[{"href":"https:\/\/carambucoediciones.com\/wp-json\/wp\/v2\/types\/page"}],"author":[{"embeddable":true,"href":"https:\/\/carambucoediciones.com\/wp-json\/wp\/v2\/users\/61"}],"replies":[{"embeddable":true,"href":"https:\/\/carambucoediciones.com\/wp-json\/wp\/v2\/comments?post=60"}],"version-history":[{"count":32,"href":"https:\/\/carambucoediciones.com\/wp-json\/wp\/v2\/pages\/60\/revisions"}],"predecessor-version":[{"id":5835,"href":"https:\/\/carambucoediciones.com\/wp-json\/wp\/v2\/pages\/60\/revisions\/5835"}],"wp:attachment":[{"href":"https:\/\/carambucoediciones.com\/wp-json\/wp\/v2\/media?parent=60"}],"curies":[{"name":"wp","href":"https:\/\/api.w.org\/{rel}","templated":true}]}}

<div class="partners-grid">
<div class="area-a">
<h2>Carambuco Ediciones</h2>
<p>Llibertat 69-71 1er E<br />
08800 Vilanova i La Geltrú<br />
Tel. 93 814 10 88</p>
<h2>Recepción de originales y portafolios</h2>
<p>Si tienes algún proyecto editorial o nos quieres enviar tu portafolio, puedes hacerlo enviando un correo electrónico a la dirección que encontrarás a continuación adjuntando un resumen del proyecto y un breve currículum, junto a las primeras páginas y/o una muestra de las ilustraciones.</p>
<p>Originales de temática infantil <strong>originalesinfantil@carambucoediciones.com<br />
</strong>Originales de temática adulta <strong>originalesadulto@carambucoediciones.com<br />
</strong></p>
<p>Si consideramos que el proyecto puede encajar en la planificación de nuestras publicaciones nos pondremos en contacto contigo para pedirte más información.</p>
<p>Para cualquier otra consulta, utiliza por favor el formulario que hay a continuación:</p>
<div class="area-a">
<div class="_form_53"></div>
<p><script src="https://elcepilanansa.activehosted.com/f/embed.php?id=53" type="text/javascript" charset="utf-8"></script></p>
</div>
<div class="area-b">
<p><iframe class="lazyload" style="border: 0;" data-src="https://www.google.com/maps/embed?pb=!1m18!1m12!1m3!1d3000.8419283617077!2d1.7242686152842885!3d41.22521507927936!2m3!1f0!2f0!3f0!3m2!1i1024!2i768!4f13.1!3m3!1m2!1s0x12a386e31d46c215%3A0x90f01488d4324c4!2sEl%20Cep%20i%20la%20Nansa%20Edicions!5e0!3m2!1ses-419!2ses!4v1622734047684!5m2!1ses-419!2ses" width="560" height="315" allowfullscreen="allowfullscreen"></iframe></p>
</div>
</div>
</div>

<p>Carambuco Ediciones Llibertat 69-71 1er E 08800 Vilanova i La Geltrú Tel. 93 814 10 88 Recepción de originales y portafolios Si tienes algún proyecto editorial o nos quieres enviar tu portafolio, puedes hacerlo enviando un correo electrónico a la dirección que encontrarás a continuación adjuntando un resumen del proyecto y un breve currículum, junto [&hellip;]</p>

<!-- This site is optimized with the Yoast SEO plugin v27.1.1 - https://yoast.com/product/yoast-seo-wordpress/ -->
<title>Contacto - Carambuco Ediciones</title>
<meta name="robots" content="index, follow, max-snippet:-1, max-image-preview:large, max-video-preview:-1" />
<link rel="canonical" href="https://carambucoediciones.com/contacto/" />
<meta property="og:locale" content="es_ES" />
<meta property="og:type" content="article" />
<meta property="og:title" content="Contacto - Carambuco Ediciones" />
<meta property="og:description" content="Carambuco Ediciones Llibertat 69-71 1er E 08800 Vilanova i La Geltrú Tel. 93 814 10 88 Recepción de originales y portafolios Si tienes algún proyecto editorial o nos quieres enviar tu portafolio, puedes hacerlo enviando un correo electrónico a la dirección que encontrarás a continuación adjuntando un resumen del proyecto y un breve currículum, junto [&hellip;]" />
<meta property="og:url" content="https://carambucoediciones.com/contacto/" />
<meta property="og:site_name" content="Carambuco Ediciones" />
<meta property="article:publisher" content="https://www.facebook.com/editorialcarambuco/" />
<meta property="article:modified_time" content="2024-03-20T07:26:47+00:00" />
<meta property="og:image" content="https://carambucoediciones.com/wp-content/uploads/2021/03/cropped-favicon-carambuco.png" />
	<meta property="og:image:width" content="512" />
	<meta property="og:image:height" content="512" />
	<meta property="og:image:type" content="image/png" />
<meta name="twitter:card" content="summary_large_image" />
<meta name="twitter:site" content="@carambucolibros" />
<meta name="twitter:label1" content="Tiempo de lectura" />
	<meta name="twitter:data1" content="1 minuto" />
<script type="application/ld+json" class="yoast-schema-graph">{"@context":"https://schema.org","@graph":[{"@type":"WebPage","@id":"https://carambucoediciones.com/contacto/","url":"https://carambucoediciones.com/contacto/","name":"Contacto - Carambuco Ediciones","isPartOf":{"@id":"https://carambucoediciones.com/#website"},"datePublished":"2017-07-27T06:13:05+00:00","dateModified":"2024-03-20T07:26:47+00:00","breadcrumb":{"@id":"https://carambucoediciones.com/contacto/#breadcrumb"},"inLanguage":"es","potentialAction":[{"@type":"ReadAction","target":["https://carambucoediciones.com/contacto/"]}]},{"@type":"BreadcrumbList","@id":"https://carambucoediciones.com/contacto/#breadcrumb","itemListElement":[{"@type":"ListItem","position":1,"name":"Inici","item":"https://carambucoediciones.com/"},{"@type":"ListItem","position":2,"name":"Contacto"}]},{"@type":"WebSite","@id":"https://carambucoediciones.com/#website","url":"https://carambucoediciones.com/","name":"El Cep i La Nansa","description":"La web de Carambuco Ediciones","publisher":{"@id":"https://carambucoediciones.com/#organization"},"potentialAction":[{"@type":"SearchAction","target":{"@type":"EntryPoint","urlTemplate":"https://carambucoediciones.com/?s={search_term_string}"},"query-input":{"@type":"PropertyValueSpecification","valueRequired":true,"valueName":"search_term_string"}}],"inLanguage":"es"},{"@type":"Organization","@id":"https://carambucoediciones.com/#organization","name":"El Cep i la Nansa","url":"https://carambucoediciones.com/","logo":{"@type":"ImageObject","inLanguage":"es","@id":"https://carambucoediciones.com/#/schema/logo/image/","url":"https://carambucoediciones.com/wp-content/uploads/2017/11/unnamed-1.png","contentUrl":"https://carambucoediciones.com/wp-content/uploads/2017/11/unnamed-1.png","width":600,"height":262,"caption":"El Cep i la Nansa"},"image":{"@id":"https://carambucoediciones.com/#/schema/logo/image/"},"sameAs":["https://www.facebook.com/editorialcarambuco/","https://x.com/carambucolibros","https://www.instagram.com/carambucoediciones/","https://youtube.com/c/carambucoediciones"]}]}</script>
<!-- / Yoast SEO plugin. -->

Carambuco Ediciones Llibertat 69-71 1er E 08800 Vilanova i La Geltrú Tel. 93 814 10 88 Recepción de originales y portafolios Si tienes algún proyecto editorial o nos quieres enviar tu portafolio, puedes hacerlo enviando un correo electrónico a la dirección que encontrarás a continuación adjuntando un resumen del proyecto y un breve currículum, junto [&hellip;]
