{"id":107,"date":"2018-06-29T23:24:12","date_gmt":"2018-06-29T23:24:12","guid":{"rendered":"http:\/\/archive.patchlab.pl\/?page_id=107"},"modified":"2026-03-11T19:09:15","modified_gmt":"2026-03-11T19:09:15","slug":"2012-3","status":"publish","type":"page","link":"https:\/\/archive.patchlab.pl\/2012-3\/","title":{"rendered":"2012"},"content":{"rendered":"<p><a href=\"https:\/\/archive.patchlab.pl\/wp-content\/uploads\/2012\/10\/patch_www.png\"><img decoding=\"async\" class=\"alignright size-large wp-image-337\" title=\"patch_www\" src=\"https:\/\/archive.patchlab.pl\/wp-content\/uploads\/2012\/10\/patch_www-711x1024.png\" alt=\"\" width=\"250\" \/><\/a><\/p>\n<div style=\"text-align: justify; text-justify: inter-word;\">p a t c h: audio_visual_lab 2012 zako\u0144czy\u0142 si\u0119 w niedziel\u0119 10. listopada, chocia\u017c w rzeczywisto\u015bci trwa\u0142 znacznie d\u0142u\u017cej, my\u015bl\u0105c o emocjach jakie towarzyszy\u0142y nam wszystkim jeszcze d\u0142ugo po wydarzeniach!<br \/>\nP a t c h 2012 go\u015bci\u0142 20 artyst\u00f3w z USA, Niemiec, Holandii, Francji, W\u0142och, W\u0119gier i Polski prezentuj\u0105cych 5 live-act\u2019\u00f3w i performance\u2019\u00f3w, 10 prac audiowizualnych i interaktywnych oraz 19 kr\u00f3tkich, eksperymentalnych form filmowych. Ponad 2000 os\u00f3b, kt\u00f3re zobaczy\u0142y wystaw\u0119 w Galerii Sztuki Wsp\u00f3\u0142czesnej Bunkier Sztuki w ci\u0105gu 3 dni, wype\u0142niony po brzegi Radar podczas nocy audiowizualnych, wyj\u0105tkowa atmosfera i bardzo dobre opinie ze strony uczestnik\u00f3w i odwiedzaj\u0105cych odnotowujemy jako spory sukces. Chcemy podzi\u0119kowa\u0107 wszystkim uczestnikom, partnerom, koordynatorom i odwiedzaj\u0105cym za wsparcie, doping i zaanga\u017cowanie. P a t c h nie odby\u0142by si\u0119 bez Was! Do zobaczenia w przysz\u0142ym roku w Krakowie podczas 2. edycji p a t c h: audio_visual_lab 2013!<\/div>\n<div style=\"clear: both;\"><\/div>\n<p><img loading=\"lazy\" decoding=\"async\" class=\"alignnone size-full wp-image-532\" title=\"montaz12\" src=\"https:\/\/archive.patchlab.pl\/wp-content\/uploads\/2013\/01\/montaz121.jpg\" alt=\"\" width=\"960\" height=\"444\" \/><\/p>\n","protected":false},"excerpt":{"rendered":"<p>p a t c h: audio_visual_lab 2012 zako\u0144czy\u0142 si\u0119 w niedziel\u0119 10. listopada, chocia\u017c w rzeczywisto\u015bci trwa\u0142 znacznie d\u0142u\u017cej, my\u015bl\u0105c o emocjach jakie towarzyszy\u0142y nam wszystkim jeszcze d\u0142ugo po wydarzeniach! P a t c h 2012 go\u015bci\u0142 20 artyst\u00f3w z<span class=\"ellipsis\">&hellip;<\/span><\/p>\n<div class=\"read-more\"><a href=\"https:\/\/archive.patchlab.pl\/2012-3\/\">Read more &#8250;<\/a><\/div>\n<p><!-- end of .read-more --><\/p>\n","protected":false},"author":1,"featured_media":0,"parent":0,"menu_order":0,"comment_status":"closed","ping_status":"closed","template":"","meta":{"footnotes":""},"_links":{"self":[{"href":"https:\/\/archive.patchlab.pl\/wp-json\/wp\/v2\/pages\/107"}],"collection":[{"href":"https:\/\/archive.patchlab.pl\/wp-json\/wp\/v2\/pages"}],"about":[{"href":"https:\/\/archive.patchlab.pl\/wp-json\/wp\/v2\/types\/page"}],"author":[{"embeddable":true,"href":"https:\/\/archive.patchlab.pl\/wp-json\/wp\/v2\/users\/1"}],"replies":[{"embeddable":true,"href":"https:\/\/archive.patchlab.pl\/wp-json\/wp\/v2\/comments?post=107"}],"version-history":[{"count":4,"href":"https:\/\/archive.patchlab.pl\/wp-json\/wp\/v2\/pages\/107\/revisions"}],"predecessor-version":[{"id":1113,"href":"https:\/\/archive.patchlab.pl\/wp-json\/wp\/v2\/pages\/107\/revisions\/1113"}],"wp:attachment":[{"href":"https:\/\/archive.patchlab.pl\/wp-json\/wp\/v2\/media?parent=107"}],"curies":[{"name":"wp","href":"https:\/\/api.w.org\/{rel}","templated":true}]}}

<p><a href="https://archive.patchlab.pl/wp-content/uploads/2012/10/patch_www.png"><img decoding="async" class="alignright size-large wp-image-337" title="patch_www" src="https://archive.patchlab.pl/wp-content/uploads/2012/10/patch_www-711x1024.png" alt="" width="250" /></a></p>
<div style="text-align: justify; text-justify: inter-word;">p a t c h: audio_visual_lab 2012 zakończył się w niedzielę 10. listopada, chociaż w rzeczywistości trwał znacznie dłużej, myśląc o emocjach jakie towarzyszyły nam wszystkim jeszcze długo po wydarzeniach!<br />
P a t c h 2012 gościł 20 artystów z USA, Niemiec, Holandii, Francji, Włoch, Węgier i Polski prezentujących 5 live-act’ów i performance’ów, 10 prac audiowizualnych i interaktywnych oraz 19 krótkich, eksperymentalnych form filmowych. Ponad 2000 osób, które zobaczyły wystawę w Galerii Sztuki Współczesnej Bunkier Sztuki w ciągu 3 dni, wypełniony po brzegi Radar podczas nocy audiowizualnych, wyjątkowa atmosfera i bardzo dobre opinie ze strony uczestników i odwiedzających odnotowujemy jako spory sukces. Chcemy podziękować wszystkim uczestnikom, partnerom, koordynatorom i odwiedzającym za wsparcie, doping i zaangażowanie. P a t c h nie odbyłby się bez Was! Do zobaczenia w przyszłym roku w Krakowie podczas 2. edycji p a t c h: audio_visual_lab 2013!</div>
<div style="clear: both;"></div>
<p><img loading="lazy" decoding="async" class="alignnone size-full wp-image-532" title="montaz12" src="https://archive.patchlab.pl/wp-content/uploads/2013/01/montaz121.jpg" alt="" width="960" height="444" /></p>

<p>p a t c h: audio_visual_lab 2012 zakończył się w niedzielę 10. listopada, chociaż w rzeczywistości trwał znacznie dłużej, myśląc o emocjach jakie towarzyszyły nam wszystkim jeszcze długo po wydarzeniach! P a t c h 2012 gościł 20 artystów z<span class="ellipsis">&hellip;</span></p>
<div class="read-more"><a href="https://archive.patchlab.pl/2012-3/">Read more &#8250;</a></div>
<p><!-- end of .read-more --></p>
