{"id":216,"date":"2022-03-01T14:46:23","date_gmt":"2022-03-01T17:46:23","guid":{"rendered":"https:\/\/afoitas.com.br\/?page_id=216"},"modified":"2025-05-09T09:51:18","modified_gmt":"2025-05-09T12:51:18","slug":"equipe","status":"publish","type":"page","link":"https:\/\/afoitas.com.br\/equipe\/","title":{"rendered":"Equipe"},"content":{"rendered":"<p>Apresentamos mais alguns nomes de profissionais nordestinas no intuito que outras reda\u00e7\u00f5es, projetos e at\u00e9 leitores se toquem em rela\u00e7\u00e3o ao tema. Nos stories voc\u00eas conhecem um pouco mais sobre o trabalhos das profissionais.<\/p>\n","protected":false},"excerpt":{"rendered":"<p>Apresentamos mais alguns nomes de profissionais nordestinas no intuito que outras reda\u00e7\u00f5es, projetos e at\u00e9 leitores se toquem em rela\u00e7\u00e3o ao tema. [&hellip;]<\/p>\n","protected":false},"author":1,"featured_media":0,"parent":0,"menu_order":0,"comment_status":"closed","ping_status":"closed","template":"page-equipe.php","meta":{"_acf_changed":false,"footnotes":""},"class_list":["post-216","page","type-page","status-publish","hentry"],"acf":[],"yoast_head":"<!-- This site is optimized with the Yoast SEO plugin v23.7 - https:\/\/yoast.com\/wordpress\/plugins\/seo\/ -->\n<title>Equipe - Portal Afoitas - Jornalismo<\/title>\n<meta name=\"robots\" content=\"index, follow, max-snippet:-1, max-image-preview:large, max-video-preview:-1\" \/>\n<link rel=\"canonical\" href=\"https:\/\/afoitas.com.br\/equipe\/\" \/>\n<meta property=\"og:locale\" content=\"pt_BR\" \/>\n<meta property=\"og:type\" content=\"article\" \/>\n<meta property=\"og:title\" content=\"Equipe - Portal Afoitas - Jornalismo\" \/>\n<meta property=\"og:description\" content=\"Apresentamos mais alguns nomes de profissionais nordestinas no intuito que outras reda\u00e7\u00f5es, projetos e at\u00e9 leitores se toquem em rela\u00e7\u00e3o ao tema. [&hellip;]\" \/>\n<meta property=\"og:url\" content=\"https:\/\/afoitas.com.br\/equipe\/\" \/>\n<meta property=\"og:site_name\" content=\"Portal Afoitas - Jornalismo\" \/>\n<meta property=\"article:publisher\" content=\"https:\/\/www.facebook.com\/afoitas\/\" \/>\n<meta property=\"article:modified_time\" content=\"2025-05-09T12:51:18+00:00\" \/>\n<meta name=\"twitter:card\" content=\"summary_large_image\" \/>\n<meta name=\"twitter:label1\" content=\"Est. tempo de leitura\" \/>\n\t<meta name=\"twitter:data1\" content=\"1 minuto\" \/>\n<script type=\"application\/ld+json\" class=\"yoast-schema-graph\">{\"@context\":\"https:\/\/schema.org\",\"@graph\":[{\"@type\":\"WebPage\",\"@id\":\"https:\/\/afoitas.com.br\/equipe\/\",\"url\":\"https:\/\/afoitas.com.br\/equipe\/\",\"name\":\"Equipe - Portal Afoitas - Jornalismo\",\"isPartOf\":{\"@id\":\"https:\/\/afoitas.com.br\/#website\"},\"datePublished\":\"2022-03-01T17:46:23+00:00\",\"dateModified\":\"2025-05-09T12:51:18+00:00\",\"breadcrumb\":{\"@id\":\"https:\/\/afoitas.com.br\/equipe\/#breadcrumb\"},\"inLanguage\":\"pt-BR\",\"potentialAction\":[{\"@type\":\"ReadAction\",\"target\":[\"https:\/\/afoitas.com.br\/equipe\/\"]}]},{\"@type\":\"BreadcrumbList\",\"@id\":\"https:\/\/afoitas.com.br\/equipe\/#breadcrumb\",\"itemListElement\":[{\"@type\":\"ListItem\",\"position\":1,\"name\":\"Home\",\"item\":\"https:\/\/afoitas.com.br\/\"},{\"@type\":\"ListItem\",\"position\":2,\"name\":\"Equipe\"}]},{\"@type\":\"WebSite\",\"@id\":\"https:\/\/afoitas.com.br\/#website\",\"url\":\"https:\/\/afoitas.com.br\/\",\"name\":\"Portal Afoitas - Jornalismo\",\"description\":\"Sobre n\u00f3s e por n\u00f3s!\",\"publisher\":{\"@id\":\"https:\/\/afoitas.com.br\/#organization\"},\"potentialAction\":[{\"@type\":\"SearchAction\",\"target\":{\"@type\":\"EntryPoint\",\"urlTemplate\":\"https:\/\/afoitas.com.br\/?s={search_term_string}\"},\"query-input\":{\"@type\":\"PropertyValueSpecification\",\"valueRequired\":true,\"valueName\":\"search_term_string\"}}],\"inLanguage\":\"pt-BR\"},{\"@type\":\"Organization\",\"@id\":\"https:\/\/afoitas.com.br\/#organization\",\"name\":\"Afoitas - Jornalismo\",\"url\":\"https:\/\/afoitas.com.br\/\",\"logo\":{\"@type\":\"ImageObject\",\"inLanguage\":\"pt-BR\",\"@id\":\"https:\/\/afoitas.com.br\/#\/schema\/logo\/image\/\",\"url\":\"https:\/\/afoitas.com.br\/wp-content\/uploads\/2022\/06\/logo-site-afoitas-jornalismo-pb.png\",\"contentUrl\":\"https:\/\/afoitas.com.br\/wp-content\/uploads\/2022\/06\/logo-site-afoitas-jornalismo-pb.png\",\"width\":600,\"height\":326,\"caption\":\"Afoitas - Jornalismo\"},\"image\":{\"@id\":\"https:\/\/afoitas.com.br\/#\/schema\/logo\/image\/\"},\"sameAs\":[\"https:\/\/www.facebook.com\/afoitas\/\",\"https:\/\/www.instagram.com\/afoitas\/\"]}]}<\/script>\n<!-- \/ Yoast SEO plugin. -->","yoast_head_json":{"title":"Equipe - Portal Afoitas - Jornalismo","robots":{"index":"index","follow":"follow","max-snippet":"max-snippet:-1","max-image-preview":"max-image-preview:large","max-video-preview":"max-video-preview:-1"},"canonical":"https:\/\/afoitas.com.br\/equipe\/","og_locale":"pt_BR","og_type":"article","og_title":"Equipe - Portal Afoitas - Jornalismo","og_description":"Apresentamos mais alguns nomes de profissionais nordestinas no intuito que outras reda\u00e7\u00f5es, projetos e at\u00e9 leitores se toquem em rela\u00e7\u00e3o ao tema. [&hellip;]","og_url":"https:\/\/afoitas.com.br\/equipe\/","og_site_name":"Portal Afoitas - Jornalismo","article_publisher":"https:\/\/www.facebook.com\/afoitas\/","article_modified_time":"2025-05-09T12:51:18+00:00","twitter_card":"summary_large_image","twitter_misc":{"Est. tempo de leitura":"1 minuto"},"schema":{"@context":"https:\/\/schema.org","@graph":[{"@type":"WebPage","@id":"https:\/\/afoitas.com.br\/equipe\/","url":"https:\/\/afoitas.com.br\/equipe\/","name":"Equipe - Portal Afoitas - Jornalismo","isPartOf":{"@id":"https:\/\/afoitas.com.br\/#website"},"datePublished":"2022-03-01T17:46:23+00:00","dateModified":"2025-05-09T12:51:18+00:00","breadcrumb":{"@id":"https:\/\/afoitas.com.br\/equipe\/#breadcrumb"},"inLanguage":"pt-BR","potentialAction":[{"@type":"ReadAction","target":["https:\/\/afoitas.com.br\/equipe\/"]}]},{"@type":"BreadcrumbList","@id":"https:\/\/afoitas.com.br\/equipe\/#breadcrumb","itemListElement":[{"@type":"ListItem","position":1,"name":"Home","item":"https:\/\/afoitas.com.br\/"},{"@type":"ListItem","position":2,"name":"Equipe"}]},{"@type":"WebSite","@id":"https:\/\/afoitas.com.br\/#website","url":"https:\/\/afoitas.com.br\/","name":"Portal Afoitas - Jornalismo","description":"Sobre n\u00f3s e por n\u00f3s!","publisher":{"@id":"https:\/\/afoitas.com.br\/#organization"},"potentialAction":[{"@type":"SearchAction","target":{"@type":"EntryPoint","urlTemplate":"https:\/\/afoitas.com.br\/?s={search_term_string}"},"query-input":{"@type":"PropertyValueSpecification","valueRequired":true,"valueName":"search_term_string"}}],"inLanguage":"pt-BR"},{"@type":"Organization","@id":"https:\/\/afoitas.com.br\/#organization","name":"Afoitas - Jornalismo","url":"https:\/\/afoitas.com.br\/","logo":{"@type":"ImageObject","inLanguage":"pt-BR","@id":"https:\/\/afoitas.com.br\/#\/schema\/logo\/image\/","url":"https:\/\/afoitas.com.br\/wp-content\/uploads\/2022\/06\/logo-site-afoitas-jornalismo-pb.png","contentUrl":"https:\/\/afoitas.com.br\/wp-content\/uploads\/2022\/06\/logo-site-afoitas-jornalismo-pb.png","width":600,"height":326,"caption":"Afoitas - Jornalismo"},"image":{"@id":"https:\/\/afoitas.com.br\/#\/schema\/logo\/image\/"},"sameAs":["https:\/\/www.facebook.com\/afoitas\/","https:\/\/www.instagram.com\/afoitas\/"]}]}},"_links":{"self":[{"href":"https:\/\/afoitas.com.br\/wp-json\/wp\/v2\/pages\/216","targetHints":{"allow":["GET"]}}],"collection":[{"href":"https:\/\/afoitas.com.br\/wp-json\/wp\/v2\/pages"}],"about":[{"href":"https:\/\/afoitas.com.br\/wp-json\/wp\/v2\/types\/page"}],"author":[{"embeddable":true,"href":"https:\/\/afoitas.com.br\/wp-json\/wp\/v2\/users\/1"}],"replies":[{"embeddable":true,"href":"https:\/\/afoitas.com.br\/wp-json\/wp\/v2\/comments?post=216"}],"version-history":[{"count":14,"href":"https:\/\/afoitas.com.br\/wp-json\/wp\/v2\/pages\/216\/revisions"}],"predecessor-version":[{"id":3698,"href":"https:\/\/afoitas.com.br\/wp-json\/wp\/v2\/pages\/216\/revisions\/3698"}],"wp:attachment":[{"href":"https:\/\/afoitas.com.br\/wp-json\/wp\/v2\/media?parent=216"}],"curies":[{"name":"wp","href":"https:\/\/api.w.org\/{rel}","templated":true}]}}

<p>Apresentamos mais alguns nomes de profissionais nordestinas no intuito que outras redações, projetos e até leitores se toquem em relação ao tema. Nos stories vocês conhecem um pouco mais sobre o trabalhos das profissionais.</p>

<p>Apresentamos mais alguns nomes de profissionais nordestinas no intuito que outras redações, projetos e até leitores se toquem em relação ao tema. [&hellip;]</p>

<!-- This site is optimized with the Yoast SEO plugin v23.7 - https://yoast.com/wordpress/plugins/seo/ -->
<title>Equipe - Portal Afoitas - Jornalismo</title>
<meta name="robots" content="index, follow, max-snippet:-1, max-image-preview:large, max-video-preview:-1" />
<link rel="canonical" href="https://afoitas.com.br/equipe/" />
<meta property="og:locale" content="pt_BR" />
<meta property="og:type" content="article" />
<meta property="og:title" content="Equipe - Portal Afoitas - Jornalismo" />
<meta property="og:description" content="Apresentamos mais alguns nomes de profissionais nordestinas no intuito que outras redações, projetos e até leitores se toquem em relação ao tema. [&hellip;]" />
<meta property="og:url" content="https://afoitas.com.br/equipe/" />
<meta property="og:site_name" content="Portal Afoitas - Jornalismo" />
<meta property="article:publisher" content="https://www.facebook.com/afoitas/" />
<meta property="article:modified_time" content="2025-05-09T12:51:18+00:00" />
<meta name="twitter:card" content="summary_large_image" />
<meta name="twitter:label1" content="Est. tempo de leitura" />
	<meta name="twitter:data1" content="1 minuto" />
<script type="application/ld+json" class="yoast-schema-graph">{"@context":"https://schema.org","@graph":[{"@type":"WebPage","@id":"https://afoitas.com.br/equipe/","url":"https://afoitas.com.br/equipe/","name":"Equipe - Portal Afoitas - Jornalismo","isPartOf":{"@id":"https://afoitas.com.br/#website"},"datePublished":"2022-03-01T17:46:23+00:00","dateModified":"2025-05-09T12:51:18+00:00","breadcrumb":{"@id":"https://afoitas.com.br/equipe/#breadcrumb"},"inLanguage":"pt-BR","potentialAction":[{"@type":"ReadAction","target":["https://afoitas.com.br/equipe/"]}]},{"@type":"BreadcrumbList","@id":"https://afoitas.com.br/equipe/#breadcrumb","itemListElement":[{"@type":"ListItem","position":1,"name":"Home","item":"https://afoitas.com.br/"},{"@type":"ListItem","position":2,"name":"Equipe"}]},{"@type":"WebSite","@id":"https://afoitas.com.br/#website","url":"https://afoitas.com.br/","name":"Portal Afoitas - Jornalismo","description":"Sobre nós e por nós!","publisher":{"@id":"https://afoitas.com.br/#organization"},"potentialAction":[{"@type":"SearchAction","target":{"@type":"EntryPoint","urlTemplate":"https://afoitas.com.br/?s={search_term_string}"},"query-input":{"@type":"PropertyValueSpecification","valueRequired":true,"valueName":"search_term_string"}}],"inLanguage":"pt-BR"},{"@type":"Organization","@id":"https://afoitas.com.br/#organization","name":"Afoitas - Jornalismo","url":"https://afoitas.com.br/","logo":{"@type":"ImageObject","inLanguage":"pt-BR","@id":"https://afoitas.com.br/#/schema/logo/image/","url":"https://afoitas.com.br/wp-content/uploads/2022/06/logo-site-afoitas-jornalismo-pb.png","contentUrl":"https://afoitas.com.br/wp-content/uploads/2022/06/logo-site-afoitas-jornalismo-pb.png","width":600,"height":326,"caption":"Afoitas - Jornalismo"},"image":{"@id":"https://afoitas.com.br/#/schema/logo/image/"},"sameAs":["https://www.facebook.com/afoitas/","https://www.instagram.com/afoitas/"]}]}</script>
<!-- / Yoast SEO plugin. -->

Apresentamos mais alguns nomes de profissionais nordestinas no intuito que outras redações, projetos e até leitores se toquem em relação ao tema. [&hellip;]

Sobre nós e por nós!
